{"id":4309348,"date":"2025-03-25T17:02:09","date_gmt":"2025-03-25T16:02:09","guid":{"rendered":"https:\/\/www.carlton-international.com\/annonce\/vista-panoramica-do-mar-e-do-cap-dantibes\/"},"modified":"2026-04-17T00:11:39","modified_gmt":"2026-04-16T22:11:39","slug":"vista-panoramica-do-mar-e-do-cap-dantibes","status":"publish","type":"annonce","link":"https:\/\/www.carlton-international.com\/pt-pt\/annonce\/vista-panoramica-do-mar-e-do-cap-dantibes\/","title":{"rendered":"Vista panor\u00e2mica do mar e do Cap d&#8217;Antibes"},"content":{"rendered":"<p>Situada perto da encantadora aldeia de Tourrettes-sur-Loup, esta sumptuosa moradia nova combina eleg\u00e2ncia contempor\u00e2nea com materiais de alta qualidade. Situada num terreno ajardinado, oferece o espa\u00e7o de vida ideal para uma fam\u00edlia numerosa, com 334 m2 de espa\u00e7o de vida e seis quartos, incluindo um apartamento de h\u00f3spedes separado com 2 quartos. Possibilidade de um terreno adicional de cerca de 3.300 m2 Ref. 00688<\/p>\n<p>&#8212;<\/p>\n<p>Ao entrar, um hall espa\u00e7oso conduz a uma cozinha moderna e totalmente equipada com uma ilha central. Esta abre-se para um terra\u00e7o soberbo com um jacuzzi e vistas panor\u00e2micas excepcionais. A ampla sala de estar, cheia de luz, e a espa\u00e7osa sala de jantar s\u00e3o uma extens\u00e3o da cozinha e tamb\u00e9m beneficiam de acesso direto ao terra\u00e7o e a esta vista de cortar a respira\u00e7\u00e3o.<\/p>\n<p>No piso inferior, a \u00e1rea de dormir \u00e9 composta por tr\u00eas elegantes suites, incluindo uma sumptuosa suite principal com um grande quarto de vestir e uma casa de banho completa. Os outros dois quartos t\u00eam uma casa de banho privativa e um WC. Um quarto quarto, com casa de banho separada e WC para h\u00f3spedes, completa este piso. Todos estes quartos abrem-se para um vasto terra\u00e7o que conduz \u00e0 piscina, oferecendo vistas deslumbrantes.<\/p>\n<p>O apartamento independente, ideal para h\u00f3spedes, \u00e9 composto por dois quartos, uma sala de estar, uma sala de jantar, uma cozinha totalmente equipada e uma casa de banho com WC. Tem acesso direto a um terra\u00e7o privado e \u00e0 piscina. Ref. 00688<\/p>\n<p>A propriedade tamb\u00e9m oferece a possibilidade de criar uma \u00e1rea de fitness ou cinema em casa. Uma grande despensa, muito espa\u00e7o de arruma\u00e7\u00e3o e arm\u00e1rios embutidos completam esta propriedade.<\/p>\n<p>Por baixo da zona da piscina, um jardim plano, fechado e seguro, plantado com oliveiras e esp\u00e9cies mediterr\u00e2nicas, d\u00e1 um toque de charme \u00e0 propriedade. Uma garagem dupla, v\u00e1rios lugares de estacionamento e zonas de arruma\u00e7\u00e3o adicionais completam esta moradia excecional. Ref. 00688<\/p>\n","protected":false},"featured_media":0,"menu_order":0,"template":"","secteurs":[9293,3373,3373,9293,3372,3368,1654,3465],"service":[92,96,69,91,72,97,374,73,160,82,71,93,1292,88],"tags":[7905,7903,7897,7895,8829,99,165,4084,2243,89,4545,78,4546],"type_de_bien":[3407,8479],"type_annonce":[3409,3409],"class_list":{"0":"post-4309348","1":"annonce","2":"type-annonce","3":"status-publish","4":"hentry","5":"secteurs-alpes-maritimes-en-41","6":"secteurs-alpes-maritimes-pt-pt","9":"secteurs-france-pt-pt","10":"secteurs-france-en","11":"secteurs-tourrettes-sur-loup-en","12":"secteurs-tourrettes-sur-loup-pt-pt","13":"service-alarme","14":"service-arrosage","15":"service-cheminee","16":"service-cloture","17":"service-double-vitrage","18":"service-eclairage-exterieur","19":"service-fenetre-aluminium","20":"service-fenetres-coulissantes","21":"service-internet","22":"service-jacuzzi","23":"service-piscine","24":"service-portail-electrique","25":"service-salle-de-sport","26":"service-videophone","27":"tags-appartement-ou-maison-dinvites","28":"tags-certificat-de-conformite","29":"tags-passeport-id","30":"tags-site-carlton-international","31":"tags-vue-mer","32":"tags-cadre-silencieux","33":"tags-campagne","34":"tags-contemporaine","35":"tags-jacuzzi","36":"tags-mer","37":"tags-plateformes","38":"tags-quartier-residentiel","39":"tags-reseaux-sociaux","40":"type_de_bien-casa","41":"type_de_bien-maison-pt-pt","42":"type_annonce-venda"},"acf":[],"yoast_head":"<!-- This site is optimized with the Yoast SEO Premium plugin v20.11 (Yoast SEO v26.5) - https:\/\/yoast.com\/wordpress\/plugins\/seo\/ -->\n<title>Vista panor\u00e2mica do mar e do Cap d&#039;Antibes - Carlton International<\/title>\n<meta name=\"robots\" content=\"index, follow, max-snippet:-1, max-image-preview:large, max-video-preview:-1\" \/>\n<link rel=\"canonical\" href=\"https:\/\/www.carlton-international.com\/pt-pt\/annonce\/vista-panoramica-do-mar-e-do-cap-dantibes\/\" \/>\n<meta property=\"og:locale\" content=\"pt_PT\" \/>\n<meta property=\"og:type\" content=\"article\" \/>\n<meta property=\"og:title\" content=\"Vista panor\u00e2mica do mar e do Cap d&#039;Antibes\" \/>\n<meta property=\"og:url\" content=\"https:\/\/www.carlton-international.com\/pt-pt\/annonce\/vista-panoramica-do-mar-e-do-cap-dantibes\/\" \/>\n<meta property=\"og:site_name\" content=\"Carlton International\" \/>\n<meta property=\"article:publisher\" content=\"https:\/\/www.facebook.com\/CarltonInternationalRealEstate\/\" \/>\n<meta property=\"article:modified_time\" content=\"2026-04-16T22:11:39+00:00\" \/>\n<meta name=\"twitter:card\" content=\"summary_large_image\" \/>\n<meta name=\"twitter:site\" content=\"@CarltonInter\" \/>\n<meta name=\"twitter:label1\" content=\"Tempo estimado de leitura\" \/>\n\t<meta name=\"twitter:data1\" content=\"2 minutos\" \/>\n<script type=\"application\/ld+json\" class=\"yoast-schema-graph\">{\"@context\":\"https:\/\/schema.org\",\"@graph\":[{\"@type\":\"WebPage\",\"@id\":\"https:\/\/www.carlton-international.com\/pt-pt\/annonce\/vista-panoramica-do-mar-e-do-cap-dantibes\/\",\"url\":\"https:\/\/www.carlton-international.com\/pt-pt\/annonce\/vista-panoramica-do-mar-e-do-cap-dantibes\/\",\"name\":\"Vista panor\u00e2mica do mar e do Cap d'Antibes - Carlton International\",\"isPartOf\":{\"@id\":\"https:\/\/www.carlton-international.com\/pt-pt\/#website\"},\"datePublished\":\"2025-03-25T16:02:09+00:00\",\"dateModified\":\"2026-04-16T22:11:39+00:00\",\"breadcrumb\":{\"@id\":\"https:\/\/www.carlton-international.com\/pt-pt\/annonce\/vista-panoramica-do-mar-e-do-cap-dantibes\/#breadcrumb\"},\"inLanguage\":\"pt-PT\",\"potentialAction\":[{\"@type\":\"ReadAction\",\"target\":[\"https:\/\/www.carlton-international.com\/pt-pt\/annonce\/vista-panoramica-do-mar-e-do-cap-dantibes\/\"]}]},{\"@type\":\"BreadcrumbList\",\"@id\":\"https:\/\/www.carlton-international.com\/pt-pt\/annonce\/vista-panoramica-do-mar-e-do-cap-dantibes\/#breadcrumb\",\"itemListElement\":[{\"@type\":\"ListItem\",\"position\":1,\"name\":\"Accueil\",\"item\":\"https:\/\/www.carlton-international.com\/pt-pt\/\"},{\"@type\":\"ListItem\",\"position\":2,\"name\":\"Vista panor\u00e2mica do mar e do Cap d&rsquo;Antibes\"}]},{\"@type\":\"WebSite\",\"@id\":\"https:\/\/www.carlton-international.com\/pt-pt\/#website\",\"url\":\"https:\/\/www.carlton-international.com\/pt-pt\/\",\"name\":\"Carlton International\",\"description\":\"Luxury Real Estate in France and Internationally\",\"publisher\":{\"@id\":\"https:\/\/www.carlton-international.com\/pt-pt\/#organization\"},\"alternateName\":\"Carlton\",\"potentialAction\":[{\"@type\":\"SearchAction\",\"target\":{\"@type\":\"EntryPoint\",\"urlTemplate\":\"https:\/\/www.carlton-international.com\/pt-pt\/?s={search_term_string}\"},\"query-input\":{\"@type\":\"PropertyValueSpecification\",\"valueRequired\":true,\"valueName\":\"search_term_string\"}}],\"inLanguage\":\"pt-PT\"},{\"@type\":\"Organization\",\"@id\":\"https:\/\/www.carlton-international.com\/pt-pt\/#organization\",\"name\":\"Carlton International\",\"alternateName\":\"Carlton\",\"url\":\"https:\/\/www.carlton-international.com\/pt-pt\/\",\"logo\":{\"@type\":\"ImageObject\",\"inLanguage\":\"pt-PT\",\"@id\":\"https:\/\/www.carlton-international.com\/pt-pt\/#\/schema\/logo\/image\/\",\"url\":\"https:\/\/www.carlton-international.com\/wp-content\/uploads\/2024\/10\/logo-square-1.jpg\",\"contentUrl\":\"https:\/\/www.carlton-international.com\/wp-content\/uploads\/2024\/10\/logo-square-1.jpg\",\"width\":240,\"height\":240,\"caption\":\"Carlton International\"},\"image\":{\"@id\":\"https:\/\/www.carlton-international.com\/pt-pt\/#\/schema\/logo\/image\/\"},\"sameAs\":[\"https:\/\/www.facebook.com\/CarltonInternationalRealEstate\/\",\"https:\/\/x.com\/CarltonInter\",\"https:\/\/www.instagram.com\/carlton.international\/\",\"https:\/\/www.linkedin.com\/company\/carlton-international\/mycompany\/\",\"https:\/\/www.youtube.com\/channel\/UC45DFaSawRRikZFLqr2C_XQ\"]}]}<\/script>\n<!-- \/ Yoast SEO Premium plugin. -->","yoast_head_json":{"title":"Vista panor\u00e2mica do mar e do Cap d'Antibes - Carlton International","robots":{"index":"index","follow":"follow","max-snippet":"max-snippet:-1","max-image-preview":"max-image-preview:large","max-video-preview":"max-video-preview:-1"},"canonical":"https:\/\/www.carlton-international.com\/pt-pt\/annonce\/vista-panoramica-do-mar-e-do-cap-dantibes\/","og_locale":"pt_PT","og_type":"article","og_title":"Vista panor\u00e2mica do mar e do Cap d'Antibes","og_url":"https:\/\/www.carlton-international.com\/pt-pt\/annonce\/vista-panoramica-do-mar-e-do-cap-dantibes\/","og_site_name":"Carlton International","article_publisher":"https:\/\/www.facebook.com\/CarltonInternationalRealEstate\/","article_modified_time":"2026-04-16T22:11:39+00:00","twitter_card":"summary_large_image","twitter_site":"@CarltonInter","twitter_misc":{"Tempo estimado de leitura":"2 minutos"},"schema":{"@context":"https:\/\/schema.org","@graph":[{"@type":"WebPage","@id":"https:\/\/www.carlton-international.com\/pt-pt\/annonce\/vista-panoramica-do-mar-e-do-cap-dantibes\/","url":"https:\/\/www.carlton-international.com\/pt-pt\/annonce\/vista-panoramica-do-mar-e-do-cap-dantibes\/","name":"Vista panor\u00e2mica do mar e do Cap d'Antibes - Carlton International","isPartOf":{"@id":"https:\/\/www.carlton-international.com\/pt-pt\/#website"},"datePublished":"2025-03-25T16:02:09+00:00","dateModified":"2026-04-16T22:11:39+00:00","breadcrumb":{"@id":"https:\/\/www.carlton-international.com\/pt-pt\/annonce\/vista-panoramica-do-mar-e-do-cap-dantibes\/#breadcrumb"},"inLanguage":"pt-PT","potentialAction":[{"@type":"ReadAction","target":["https:\/\/www.carlton-international.com\/pt-pt\/annonce\/vista-panoramica-do-mar-e-do-cap-dantibes\/"]}]},{"@type":"BreadcrumbList","@id":"https:\/\/www.carlton-international.com\/pt-pt\/annonce\/vista-panoramica-do-mar-e-do-cap-dantibes\/#breadcrumb","itemListElement":[{"@type":"ListItem","position":1,"name":"Accueil","item":"https:\/\/www.carlton-international.com\/pt-pt\/"},{"@type":"ListItem","position":2,"name":"Vista panor\u00e2mica do mar e do Cap d&rsquo;Antibes"}]},{"@type":"WebSite","@id":"https:\/\/www.carlton-international.com\/pt-pt\/#website","url":"https:\/\/www.carlton-international.com\/pt-pt\/","name":"Carlton International","description":"Luxury Real Estate in France and Internationally","publisher":{"@id":"https:\/\/www.carlton-international.com\/pt-pt\/#organization"},"alternateName":"Carlton","potentialAction":[{"@type":"SearchAction","target":{"@type":"EntryPoint","urlTemplate":"https:\/\/www.carlton-international.com\/pt-pt\/?s={search_term_string}"},"query-input":{"@type":"PropertyValueSpecification","valueRequired":true,"valueName":"search_term_string"}}],"inLanguage":"pt-PT"},{"@type":"Organization","@id":"https:\/\/www.carlton-international.com\/pt-pt\/#organization","name":"Carlton International","alternateName":"Carlton","url":"https:\/\/www.carlton-international.com\/pt-pt\/","logo":{"@type":"ImageObject","inLanguage":"pt-PT","@id":"https:\/\/www.carlton-international.com\/pt-pt\/#\/schema\/logo\/image\/","url":"https:\/\/www.carlton-international.com\/wp-content\/uploads\/2024\/10\/logo-square-1.jpg","contentUrl":"https:\/\/www.carlton-international.com\/wp-content\/uploads\/2024\/10\/logo-square-1.jpg","width":240,"height":240,"caption":"Carlton International"},"image":{"@id":"https:\/\/www.carlton-international.com\/pt-pt\/#\/schema\/logo\/image\/"},"sameAs":["https:\/\/www.facebook.com\/CarltonInternationalRealEstate\/","https:\/\/x.com\/CarltonInter","https:\/\/www.instagram.com\/carlton.international\/","https:\/\/www.linkedin.com\/company\/carlton-international\/mycompany\/","https:\/\/www.youtube.com\/channel\/UC45DFaSawRRikZFLqr2C_XQ"]}]}},"jetpack_sharing_enabled":true,"_links":{"self":[{"href":"https:\/\/www.carlton-international.com\/pt-pt\/wp-json\/wp\/v2\/annonce\/4309348","targetHints":{"allow":["GET"]}}],"collection":[{"href":"https:\/\/www.carlton-international.com\/pt-pt\/wp-json\/wp\/v2\/annonce"}],"about":[{"href":"https:\/\/www.carlton-international.com\/pt-pt\/wp-json\/wp\/v2\/types\/annonce"}],"wp:attachment":[{"href":"https:\/\/www.carlton-international.com\/pt-pt\/wp-json\/wp\/v2\/media?parent=4309348"}],"wp:term":[{"taxonomy":"secteurs","embeddable":true,"href":"https:\/\/www.carlton-international.com\/pt-pt\/wp-json\/wp\/v2\/secteurs?post=4309348"},{"taxonomy":"service","embeddable":true,"href":"https:\/\/www.carlton-international.com\/pt-pt\/wp-json\/wp\/v2\/service?post=4309348"},{"taxonomy":"tags","embeddable":true,"href":"https:\/\/www.carlton-international.com\/pt-pt\/wp-json\/wp\/v2\/tags?post=4309348"},{"taxonomy":"type_de_bien","embeddable":true,"href":"https:\/\/www.carlton-international.com\/pt-pt\/wp-json\/wp\/v2\/type_de_bien?post=4309348"},{"taxonomy":"type_annonce","embeddable":true,"href":"https:\/\/www.carlton-international.com\/pt-pt\/wp-json\/wp\/v2\/type_annonce?post=4309348"}],"curies":[{"name":"wp","href":"https:\/\/api.w.org\/{rel}","templated":true}]}}

Vista panorâmica do mar e do Cap d&#8217;Antibes

<p>Situada perto da encantadora aldeia de Tourrettes-sur-Loup, esta sumptuosa moradia nova combina elegância contemporânea com materiais de alta qualidade. Situada num terreno ajardinado, oferece o espaço de vida ideal para uma família numerosa, com 334 m2 de espaço de vida e seis quartos, incluindo um apartamento de hóspedes separado com 2 quartos. Possibilidade de um terreno adicional de cerca de 3.300 m2 Ref. 00688</p>
<p>&#8212;</p>
<p>Ao entrar, um hall espaçoso conduz a uma cozinha moderna e totalmente equipada com uma ilha central. Esta abre-se para um terraço soberbo com um jacuzzi e vistas panorâmicas excepcionais. A ampla sala de estar, cheia de luz, e a espaçosa sala de jantar são uma extensão da cozinha e também beneficiam de acesso direto ao terraço e a esta vista de cortar a respiração.</p>
<p>No piso inferior, a área de dormir é composta por três elegantes suites, incluindo uma sumptuosa suite principal com um grande quarto de vestir e uma casa de banho completa. Os outros dois quartos têm uma casa de banho privativa e um WC. Um quarto quarto, com casa de banho separada e WC para hóspedes, completa este piso. Todos estes quartos abrem-se para um vasto terraço que conduz à piscina, oferecendo vistas deslumbrantes.</p>
<p>O apartamento independente, ideal para hóspedes, é composto por dois quartos, uma sala de estar, uma sala de jantar, uma cozinha totalmente equipada e uma casa de banho com WC. Tem acesso direto a um terraço privado e à piscina. Ref. 00688</p>
<p>A propriedade também oferece a possibilidade de criar uma área de fitness ou cinema em casa. Uma grande despensa, muito espaço de arrumação e armários embutidos completam esta propriedade.</p>
<p>Por baixo da zona da piscina, um jardim plano, fechado e seguro, plantado com oliveiras e espécies mediterrânicas, dá um toque de charme à propriedade. Uma garagem dupla, vários lugares de estacionamento e zonas de arrumação adicionais completam esta moradia excecional. Ref. 00688</p>

<!-- This site is optimized with the Yoast SEO Premium plugin v20.11 (Yoast SEO v26.5) - https://yoast.com/wordpress/plugins/seo/ -->
<title>Vista panorâmica do mar e do Cap d&#039;Antibes - Carlton International</title>
<meta name="robots" content="index, follow, max-snippet:-1, max-image-preview:large, max-video-preview:-1" />
<link rel="canonical" href="https://www.carlton-international.com/pt-pt/annonce/vista-panoramica-do-mar-e-do-cap-dantibes/" />
<meta property="og:locale" content="pt_PT" />
<meta property="og:type" content="article" />
<meta property="og:title" content="Vista panorâmica do mar e do Cap d&#039;Antibes" />
<meta property="og:url" content="https://www.carlton-international.com/pt-pt/annonce/vista-panoramica-do-mar-e-do-cap-dantibes/" />
<meta property="og:site_name" content="Carlton International" />
<meta property="article:publisher" content="https://www.facebook.com/CarltonInternationalRealEstate/" />
<meta property="article:modified_time" content="2026-04-16T22:11:39+00:00" />
<meta name="twitter:card" content="summary_large_image" />
<meta name="twitter:site" content="@CarltonInter" />
<meta name="twitter:label1" content="Tempo estimado de leitura" />
	<meta name="twitter:data1" content="2 minutos" />
<script type="application/ld+json" class="yoast-schema-graph">{"@context":"https://schema.org","@graph":[{"@type":"WebPage","@id":"https://www.carlton-international.com/pt-pt/annonce/vista-panoramica-do-mar-e-do-cap-dantibes/","url":"https://www.carlton-international.com/pt-pt/annonce/vista-panoramica-do-mar-e-do-cap-dantibes/","name":"Vista panorâmica do mar e do Cap d'Antibes - Carlton International","isPartOf":{"@id":"https://www.carlton-international.com/pt-pt/#website"},"datePublished":"2025-03-25T16:02:09+00:00","dateModified":"2026-04-16T22:11:39+00:00","breadcrumb":{"@id":"https://www.carlton-international.com/pt-pt/annonce/vista-panoramica-do-mar-e-do-cap-dantibes/#breadcrumb"},"inLanguage":"pt-PT","potentialAction":[{"@type":"ReadAction","target":["https://www.carlton-international.com/pt-pt/annonce/vista-panoramica-do-mar-e-do-cap-dantibes/"]}]},{"@type":"BreadcrumbList","@id":"https://www.carlton-international.com/pt-pt/annonce/vista-panoramica-do-mar-e-do-cap-dantibes/#breadcrumb","itemListElement":[{"@type":"ListItem","position":1,"name":"Accueil","item":"https://www.carlton-international.com/pt-pt/"},{"@type":"ListItem","position":2,"name":"Vista panorâmica do mar e do Cap d&rsquo;Antibes"}]},{"@type":"WebSite","@id":"https://www.carlton-international.com/pt-pt/#website","url":"https://www.carlton-international.com/pt-pt/","name":"Carlton International","description":"Luxury Real Estate in France and Internationally","publisher":{"@id":"https://www.carlton-international.com/pt-pt/#organization"},"alternateName":"Carlton","potentialAction":[{"@type":"SearchAction","target":{"@type":"EntryPoint","urlTemplate":"https://www.carlton-international.com/pt-pt/?s={search_term_string}"},"query-input":{"@type":"PropertyValueSpecification","valueRequired":true,"valueName":"search_term_string"}}],"inLanguage":"pt-PT"},{"@type":"Organization","@id":"https://www.carlton-international.com/pt-pt/#organization","name":"Carlton International","alternateName":"Carlton","url":"https://www.carlton-international.com/pt-pt/","logo":{"@type":"ImageObject","inLanguage":"pt-PT","@id":"https://www.carlton-international.com/pt-pt/#/schema/logo/image/","url":"https://www.carlton-international.com/wp-content/uploads/2024/10/logo-square-1.jpg","contentUrl":"https://www.carlton-international.com/wp-content/uploads/2024/10/logo-square-1.jpg","width":240,"height":240,"caption":"Carlton International"},"image":{"@id":"https://www.carlton-international.com/pt-pt/#/schema/logo/image/"},"sameAs":["https://www.facebook.com/CarltonInternationalRealEstate/","https://x.com/CarltonInter","https://www.instagram.com/carlton.international/","https://www.linkedin.com/company/carlton-international/mycompany/","https://www.youtube.com/channel/UC45DFaSawRRikZFLqr2C_XQ"]}]}</script>
<!-- / Yoast SEO Premium plugin. -->

Vista panorâmica do mar e do Cap d'Antibes - Carlton International

Vista panorâmica do mar e do Cap d'Antibes

Vista panorâmica do mar e do Cap d&rsquo;Antibes
