{"id":4305263,"date":"2025-01-10T15:10:24","date_gmt":"2025-01-10T14:10:24","guid":{"rendered":"https:\/\/www.carlton-international.com\/annonce\/mandelieu-moradia-com-vista-panoramica-sobre-o-mar\/"},"modified":"2026-04-17T00:12:43","modified_gmt":"2026-04-16T22:12:43","slug":"mandelieu-moradia-com-vista-panoramica-sobre-o-mar","status":"publish","type":"annonce","link":"https:\/\/www.carlton-international.com\/pt-pt\/annonce\/mandelieu-moradia-com-vista-panoramica-sobre-o-mar\/","title":{"rendered":"Mandelieu &#8211; Moradia com vista panor\u00e2mica sobre o mar"},"content":{"rendered":"<p>Situada na encosta mais procurada de Mandelieu, esta moradia excecional oferece vistas panor\u00e2micas de cortar a respira\u00e7\u00e3o sobre a ba\u00eda de Cannes, as ilhas L\u00e9rins e Th\u00e9oule-sur-Mer. Virada para sul\/sudeste, beneficia de uma \u00f3ptima exposi\u00e7\u00e3o solar durante todo o dia.<\/p>\n<p>Totalmente renovada com os melhores materiais, esta propriedade oferece 307 m\u00b2 de \u00e1rea habit\u00e1vel num terreno ajardinado de 2.140 m\u00b2. Tem uma garagem fechada e uma soberba piscina ao mesmo n\u00edvel da sala de estar &#8211; um bem raro neste sector t\u00e3o procurado &#8211; tudo isto num ambiente tranquilo, sem inc\u00f3modos nem vizinhos.<\/p>\n<p>&#8212; &#8212; &#8212; &#8212;<\/p>\n<p>Idealmente localizada num ambiente tranquilo, apenas a 5 minutos da autoestrada e a 10 minutos das praias de Mandelieu, esta moradia combina elegantemente a autenticidade proven\u00e7al com o conforto contempor\u00e2neo, oferecendo um espa\u00e7o de vida magn\u00edfico.<\/p>\n<p>A \u00e1rea de estar principal de 140 m\u00b2 possui uma espetacular sala de estar em catedral com tectos de 5 metros, uma cozinha equipada em plano aberto, uma \u00e1rea de estudo e um canto de televis\u00e3o. Todas as divis\u00f5es se abrem para o terra\u00e7o e para a piscina, criando uma harmonia perfeita entre o interior e o exterior.<\/p>\n<p>A \u00e1rea de dormir \u00e9 composta por 4 quartos com casa de banho privativa, incluindo uma sumptuosa suite principal de 41 m\u00b2 no primeiro andar com terra\u00e7o privativo no telhado e vistas deslumbrantes.<\/p>\n<p>Ao n\u00edvel do jardim, a moradia oferece outras carater\u00edsticas topo de gama: uma adega, uma sala de cinema e um espa\u00e7o que pode ser convertido num gin\u00e1sio ou numa sala de jogos.<\/p>\n<p>Uma raridade no mercado, esta propriedade excecional oferece um ambiente de vida \u00fanico, combinando paz e tranquilidade absolutas, vistas mediterr\u00e2nicas e carater\u00edsticas topo de gama.<\/p>\n<p>Uma propriedade rara a descobrir sem demora.<\/p>\n<p>Os custos m\u00e9dios de energia em 2023 ser\u00e3o entre \u20ac 2729 e \u20ac 3693 por ano.<br \/>\nAs taxas de ag\u00eancia s\u00e3o pagas pelo vendedor.<br \/>\nREF: 00678<\/p>\n","protected":false},"featured_media":0,"menu_order":0,"template":"","secteurs":[9293,9293,3373,3373,3372,3368,3451,9214,9214],"service":[90,147,72,97,103,71,152,145],"tags":[8829,164,105,99,1150,140,78],"type_de_bien":[3407,8479],"type_annonce":[3409,3409],"class_list":{"0":"post-4305263","1":"annonce","2":"type-annonce","3":"status-publish","4":"hentry","5":"secteurs-alpes-maritimes-en-41","7":"secteurs-alpes-maritimes-pt-pt","9":"secteurs-france-pt-pt","10":"secteurs-france-en","11":"secteurs-mandelieu-la-napoule-pt-pt","12":"secteurs-mandelieu-la-napoule-en-2","14":"service-air-conditionne","15":"service-barbecue","16":"service-double-vitrage","17":"service-eclairage-exterieur","18":"service-fibre-optique","19":"service-piscine","20":"service-stores","21":"service-vide-sanitaire","22":"tags-vue-mer","23":"tags-aucun-vis-a-vis","24":"tags-authentique","25":"tags-cadre-silencieux","26":"tags-grand-garage","27":"tags-home-cinema","28":"tags-quartier-residentiel","29":"type_de_bien-casa","30":"type_de_bien-maison-pt-pt","31":"type_annonce-venda"},"acf":[],"yoast_head":"<!-- This site is optimized with the Yoast SEO Premium plugin v20.11 (Yoast SEO v26.5) - https:\/\/yoast.com\/wordpress\/plugins\/seo\/ -->\n<title>Mandelieu - Moradia com vista panor\u00e2mica sobre o mar - Carlton International<\/title>\n<meta name=\"robots\" content=\"index, follow, max-snippet:-1, max-image-preview:large, max-video-preview:-1\" \/>\n<link rel=\"canonical\" href=\"https:\/\/www.carlton-international.com\/pt-pt\/annonce\/mandelieu-moradia-com-vista-panoramica-sobre-o-mar\/\" \/>\n<meta property=\"og:locale\" content=\"pt_PT\" \/>\n<meta property=\"og:type\" content=\"article\" \/>\n<meta property=\"og:title\" content=\"Mandelieu - Moradia com vista panor\u00e2mica sobre o mar\" \/>\n<meta property=\"og:url\" content=\"https:\/\/www.carlton-international.com\/pt-pt\/annonce\/mandelieu-moradia-com-vista-panoramica-sobre-o-mar\/\" \/>\n<meta property=\"og:site_name\" content=\"Carlton International\" \/>\n<meta property=\"article:publisher\" content=\"https:\/\/www.facebook.com\/CarltonInternationalRealEstate\/\" \/>\n<meta property=\"article:modified_time\" content=\"2026-04-16T22:12:43+00:00\" \/>\n<meta name=\"twitter:card\" content=\"summary_large_image\" \/>\n<meta name=\"twitter:site\" content=\"@CarltonInter\" \/>\n<meta name=\"twitter:label1\" content=\"Tempo estimado de leitura\" \/>\n\t<meta name=\"twitter:data1\" content=\"2 minutos\" \/>\n<script type=\"application\/ld+json\" class=\"yoast-schema-graph\">{\"@context\":\"https:\/\/schema.org\",\"@graph\":[{\"@type\":\"WebPage\",\"@id\":\"https:\/\/www.carlton-international.com\/pt-pt\/annonce\/mandelieu-moradia-com-vista-panoramica-sobre-o-mar\/\",\"url\":\"https:\/\/www.carlton-international.com\/pt-pt\/annonce\/mandelieu-moradia-com-vista-panoramica-sobre-o-mar\/\",\"name\":\"Mandelieu - Moradia com vista panor\u00e2mica sobre o mar - Carlton International\",\"isPartOf\":{\"@id\":\"https:\/\/www.carlton-international.com\/pt-pt\/#website\"},\"datePublished\":\"2025-01-10T14:10:24+00:00\",\"dateModified\":\"2026-04-16T22:12:43+00:00\",\"breadcrumb\":{\"@id\":\"https:\/\/www.carlton-international.com\/pt-pt\/annonce\/mandelieu-moradia-com-vista-panoramica-sobre-o-mar\/#breadcrumb\"},\"inLanguage\":\"pt-PT\",\"potentialAction\":[{\"@type\":\"ReadAction\",\"target\":[\"https:\/\/www.carlton-international.com\/pt-pt\/annonce\/mandelieu-moradia-com-vista-panoramica-sobre-o-mar\/\"]}]},{\"@type\":\"BreadcrumbList\",\"@id\":\"https:\/\/www.carlton-international.com\/pt-pt\/annonce\/mandelieu-moradia-com-vista-panoramica-sobre-o-mar\/#breadcrumb\",\"itemListElement\":[{\"@type\":\"ListItem\",\"position\":1,\"name\":\"Accueil\",\"item\":\"https:\/\/www.carlton-international.com\/pt-pt\/\"},{\"@type\":\"ListItem\",\"position\":2,\"name\":\"Mandelieu &#8211; Moradia com vista panor\u00e2mica sobre o mar\"}]},{\"@type\":\"WebSite\",\"@id\":\"https:\/\/www.carlton-international.com\/pt-pt\/#website\",\"url\":\"https:\/\/www.carlton-international.com\/pt-pt\/\",\"name\":\"Carlton International\",\"description\":\"Luxury Real Estate in France and Internationally\",\"publisher\":{\"@id\":\"https:\/\/www.carlton-international.com\/pt-pt\/#organization\"},\"alternateName\":\"Carlton\",\"potentialAction\":[{\"@type\":\"SearchAction\",\"target\":{\"@type\":\"EntryPoint\",\"urlTemplate\":\"https:\/\/www.carlton-international.com\/pt-pt\/?s={search_term_string}\"},\"query-input\":{\"@type\":\"PropertyValueSpecification\",\"valueRequired\":true,\"valueName\":\"search_term_string\"}}],\"inLanguage\":\"pt-PT\"},{\"@type\":\"Organization\",\"@id\":\"https:\/\/www.carlton-international.com\/pt-pt\/#organization\",\"name\":\"Carlton International\",\"alternateName\":\"Carlton\",\"url\":\"https:\/\/www.carlton-international.com\/pt-pt\/\",\"logo\":{\"@type\":\"ImageObject\",\"inLanguage\":\"pt-PT\",\"@id\":\"https:\/\/www.carlton-international.com\/pt-pt\/#\/schema\/logo\/image\/\",\"url\":\"https:\/\/www.carlton-international.com\/wp-content\/uploads\/2024\/10\/logo-square-1.jpg\",\"contentUrl\":\"https:\/\/www.carlton-international.com\/wp-content\/uploads\/2024\/10\/logo-square-1.jpg\",\"width\":240,\"height\":240,\"caption\":\"Carlton International\"},\"image\":{\"@id\":\"https:\/\/www.carlton-international.com\/pt-pt\/#\/schema\/logo\/image\/\"},\"sameAs\":[\"https:\/\/www.facebook.com\/CarltonInternationalRealEstate\/\",\"https:\/\/x.com\/CarltonInter\",\"https:\/\/www.instagram.com\/carlton.international\/\",\"https:\/\/www.linkedin.com\/company\/carlton-international\/mycompany\/\",\"https:\/\/www.youtube.com\/channel\/UC45DFaSawRRikZFLqr2C_XQ\"]}]}<\/script>\n<!-- \/ Yoast SEO Premium plugin. -->","yoast_head_json":{"title":"Mandelieu - Moradia com vista panor\u00e2mica sobre o mar - Carlton International","robots":{"index":"index","follow":"follow","max-snippet":"max-snippet:-1","max-image-preview":"max-image-preview:large","max-video-preview":"max-video-preview:-1"},"canonical":"https:\/\/www.carlton-international.com\/pt-pt\/annonce\/mandelieu-moradia-com-vista-panoramica-sobre-o-mar\/","og_locale":"pt_PT","og_type":"article","og_title":"Mandelieu - Moradia com vista panor\u00e2mica sobre o mar","og_url":"https:\/\/www.carlton-international.com\/pt-pt\/annonce\/mandelieu-moradia-com-vista-panoramica-sobre-o-mar\/","og_site_name":"Carlton International","article_publisher":"https:\/\/www.facebook.com\/CarltonInternationalRealEstate\/","article_modified_time":"2026-04-16T22:12:43+00:00","twitter_card":"summary_large_image","twitter_site":"@CarltonInter","twitter_misc":{"Tempo estimado de leitura":"2 minutos"},"schema":{"@context":"https:\/\/schema.org","@graph":[{"@type":"WebPage","@id":"https:\/\/www.carlton-international.com\/pt-pt\/annonce\/mandelieu-moradia-com-vista-panoramica-sobre-o-mar\/","url":"https:\/\/www.carlton-international.com\/pt-pt\/annonce\/mandelieu-moradia-com-vista-panoramica-sobre-o-mar\/","name":"Mandelieu - Moradia com vista panor\u00e2mica sobre o mar - Carlton International","isPartOf":{"@id":"https:\/\/www.carlton-international.com\/pt-pt\/#website"},"datePublished":"2025-01-10T14:10:24+00:00","dateModified":"2026-04-16T22:12:43+00:00","breadcrumb":{"@id":"https:\/\/www.carlton-international.com\/pt-pt\/annonce\/mandelieu-moradia-com-vista-panoramica-sobre-o-mar\/#breadcrumb"},"inLanguage":"pt-PT","potentialAction":[{"@type":"ReadAction","target":["https:\/\/www.carlton-international.com\/pt-pt\/annonce\/mandelieu-moradia-com-vista-panoramica-sobre-o-mar\/"]}]},{"@type":"BreadcrumbList","@id":"https:\/\/www.carlton-international.com\/pt-pt\/annonce\/mandelieu-moradia-com-vista-panoramica-sobre-o-mar\/#breadcrumb","itemListElement":[{"@type":"ListItem","position":1,"name":"Accueil","item":"https:\/\/www.carlton-international.com\/pt-pt\/"},{"@type":"ListItem","position":2,"name":"Mandelieu &#8211; Moradia com vista panor\u00e2mica sobre o mar"}]},{"@type":"WebSite","@id":"https:\/\/www.carlton-international.com\/pt-pt\/#website","url":"https:\/\/www.carlton-international.com\/pt-pt\/","name":"Carlton International","description":"Luxury Real Estate in France and Internationally","publisher":{"@id":"https:\/\/www.carlton-international.com\/pt-pt\/#organization"},"alternateName":"Carlton","potentialAction":[{"@type":"SearchAction","target":{"@type":"EntryPoint","urlTemplate":"https:\/\/www.carlton-international.com\/pt-pt\/?s={search_term_string}"},"query-input":{"@type":"PropertyValueSpecification","valueRequired":true,"valueName":"search_term_string"}}],"inLanguage":"pt-PT"},{"@type":"Organization","@id":"https:\/\/www.carlton-international.com\/pt-pt\/#organization","name":"Carlton International","alternateName":"Carlton","url":"https:\/\/www.carlton-international.com\/pt-pt\/","logo":{"@type":"ImageObject","inLanguage":"pt-PT","@id":"https:\/\/www.carlton-international.com\/pt-pt\/#\/schema\/logo\/image\/","url":"https:\/\/www.carlton-international.com\/wp-content\/uploads\/2024\/10\/logo-square-1.jpg","contentUrl":"https:\/\/www.carlton-international.com\/wp-content\/uploads\/2024\/10\/logo-square-1.jpg","width":240,"height":240,"caption":"Carlton International"},"image":{"@id":"https:\/\/www.carlton-international.com\/pt-pt\/#\/schema\/logo\/image\/"},"sameAs":["https:\/\/www.facebook.com\/CarltonInternationalRealEstate\/","https:\/\/x.com\/CarltonInter","https:\/\/www.instagram.com\/carlton.international\/","https:\/\/www.linkedin.com\/company\/carlton-international\/mycompany\/","https:\/\/www.youtube.com\/channel\/UC45DFaSawRRikZFLqr2C_XQ"]}]}},"jetpack_sharing_enabled":true,"_links":{"self":[{"href":"https:\/\/www.carlton-international.com\/pt-pt\/wp-json\/wp\/v2\/annonce\/4305263","targetHints":{"allow":["GET"]}}],"collection":[{"href":"https:\/\/www.carlton-international.com\/pt-pt\/wp-json\/wp\/v2\/annonce"}],"about":[{"href":"https:\/\/www.carlton-international.com\/pt-pt\/wp-json\/wp\/v2\/types\/annonce"}],"wp:attachment":[{"href":"https:\/\/www.carlton-international.com\/pt-pt\/wp-json\/wp\/v2\/media?parent=4305263"}],"wp:term":[{"taxonomy":"secteurs","embeddable":true,"href":"https:\/\/www.carlton-international.com\/pt-pt\/wp-json\/wp\/v2\/secteurs?post=4305263"},{"taxonomy":"service","embeddable":true,"href":"https:\/\/www.carlton-international.com\/pt-pt\/wp-json\/wp\/v2\/service?post=4305263"},{"taxonomy":"tags","embeddable":true,"href":"https:\/\/www.carlton-international.com\/pt-pt\/wp-json\/wp\/v2\/tags?post=4305263"},{"taxonomy":"type_de_bien","embeddable":true,"href":"https:\/\/www.carlton-international.com\/pt-pt\/wp-json\/wp\/v2\/type_de_bien?post=4305263"},{"taxonomy":"type_annonce","embeddable":true,"href":"https:\/\/www.carlton-international.com\/pt-pt\/wp-json\/wp\/v2\/type_annonce?post=4305263"}],"curies":[{"name":"wp","href":"https:\/\/api.w.org\/{rel}","templated":true}]}}

Mandelieu &#8211; Moradia com vista panorâmica sobre o mar

<p>Situada na encosta mais procurada de Mandelieu, esta moradia excecional oferece vistas panorâmicas de cortar a respiração sobre a baía de Cannes, as ilhas Lérins e Théoule-sur-Mer. Virada para sul/sudeste, beneficia de uma óptima exposição solar durante todo o dia.</p>
<p>Totalmente renovada com os melhores materiais, esta propriedade oferece 307 m² de área habitável num terreno ajardinado de 2.140 m². Tem uma garagem fechada e uma soberba piscina ao mesmo nível da sala de estar &#8211; um bem raro neste sector tão procurado &#8211; tudo isto num ambiente tranquilo, sem incómodos nem vizinhos.</p>
<p>&#8212; &#8212; &#8212; &#8212;</p>
<p>Idealmente localizada num ambiente tranquilo, apenas a 5 minutos da autoestrada e a 10 minutos das praias de Mandelieu, esta moradia combina elegantemente a autenticidade provençal com o conforto contemporâneo, oferecendo um espaço de vida magnífico.</p>
<p>A área de estar principal de 140 m² possui uma espetacular sala de estar em catedral com tectos de 5 metros, uma cozinha equipada em plano aberto, uma área de estudo e um canto de televisão. Todas as divisões se abrem para o terraço e para a piscina, criando uma harmonia perfeita entre o interior e o exterior.</p>
<p>A área de dormir é composta por 4 quartos com casa de banho privativa, incluindo uma sumptuosa suite principal de 41 m² no primeiro andar com terraço privativo no telhado e vistas deslumbrantes.</p>
<p>Ao nível do jardim, a moradia oferece outras caraterísticas topo de gama: uma adega, uma sala de cinema e um espaço que pode ser convertido num ginásio ou numa sala de jogos.</p>
<p>Uma raridade no mercado, esta propriedade excecional oferece um ambiente de vida único, combinando paz e tranquilidade absolutas, vistas mediterrânicas e caraterísticas topo de gama.</p>
<p>Uma propriedade rara a descobrir sem demora.</p>
<p>Os custos médios de energia em 2023 serão entre € 2729 e € 3693 por ano.<br />
As taxas de agência são pagas pelo vendedor.<br />
REF: 00678</p>

<!-- This site is optimized with the Yoast SEO Premium plugin v20.11 (Yoast SEO v26.5) - https://yoast.com/wordpress/plugins/seo/ -->
<title>Mandelieu - Moradia com vista panorâmica sobre o mar - Carlton International</title>
<meta name="robots" content="index, follow, max-snippet:-1, max-image-preview:large, max-video-preview:-1" />
<link rel="canonical" href="https://www.carlton-international.com/pt-pt/annonce/mandelieu-moradia-com-vista-panoramica-sobre-o-mar/" />
<meta property="og:locale" content="pt_PT" />
<meta property="og:type" content="article" />
<meta property="og:title" content="Mandelieu - Moradia com vista panorâmica sobre o mar" />
<meta property="og:url" content="https://www.carlton-international.com/pt-pt/annonce/mandelieu-moradia-com-vista-panoramica-sobre-o-mar/" />
<meta property="og:site_name" content="Carlton International" />
<meta property="article:publisher" content="https://www.facebook.com/CarltonInternationalRealEstate/" />
<meta property="article:modified_time" content="2026-04-16T22:12:43+00:00" />
<meta name="twitter:card" content="summary_large_image" />
<meta name="twitter:site" content="@CarltonInter" />
<meta name="twitter:label1" content="Tempo estimado de leitura" />
	<meta name="twitter:data1" content="2 minutos" />
<script type="application/ld+json" class="yoast-schema-graph">{"@context":"https://schema.org","@graph":[{"@type":"WebPage","@id":"https://www.carlton-international.com/pt-pt/annonce/mandelieu-moradia-com-vista-panoramica-sobre-o-mar/","url":"https://www.carlton-international.com/pt-pt/annonce/mandelieu-moradia-com-vista-panoramica-sobre-o-mar/","name":"Mandelieu - Moradia com vista panorâmica sobre o mar - Carlton International","isPartOf":{"@id":"https://www.carlton-international.com/pt-pt/#website"},"datePublished":"2025-01-10T14:10:24+00:00","dateModified":"2026-04-16T22:12:43+00:00","breadcrumb":{"@id":"https://www.carlton-international.com/pt-pt/annonce/mandelieu-moradia-com-vista-panoramica-sobre-o-mar/#breadcrumb"},"inLanguage":"pt-PT","potentialAction":[{"@type":"ReadAction","target":["https://www.carlton-international.com/pt-pt/annonce/mandelieu-moradia-com-vista-panoramica-sobre-o-mar/"]}]},{"@type":"BreadcrumbList","@id":"https://www.carlton-international.com/pt-pt/annonce/mandelieu-moradia-com-vista-panoramica-sobre-o-mar/#breadcrumb","itemListElement":[{"@type":"ListItem","position":1,"name":"Accueil","item":"https://www.carlton-international.com/pt-pt/"},{"@type":"ListItem","position":2,"name":"Mandelieu &#8211; Moradia com vista panorâmica sobre o mar"}]},{"@type":"WebSite","@id":"https://www.carlton-international.com/pt-pt/#website","url":"https://www.carlton-international.com/pt-pt/","name":"Carlton International","description":"Luxury Real Estate in France and Internationally","publisher":{"@id":"https://www.carlton-international.com/pt-pt/#organization"},"alternateName":"Carlton","potentialAction":[{"@type":"SearchAction","target":{"@type":"EntryPoint","urlTemplate":"https://www.carlton-international.com/pt-pt/?s={search_term_string}"},"query-input":{"@type":"PropertyValueSpecification","valueRequired":true,"valueName":"search_term_string"}}],"inLanguage":"pt-PT"},{"@type":"Organization","@id":"https://www.carlton-international.com/pt-pt/#organization","name":"Carlton International","alternateName":"Carlton","url":"https://www.carlton-international.com/pt-pt/","logo":{"@type":"ImageObject","inLanguage":"pt-PT","@id":"https://www.carlton-international.com/pt-pt/#/schema/logo/image/","url":"https://www.carlton-international.com/wp-content/uploads/2024/10/logo-square-1.jpg","contentUrl":"https://www.carlton-international.com/wp-content/uploads/2024/10/logo-square-1.jpg","width":240,"height":240,"caption":"Carlton International"},"image":{"@id":"https://www.carlton-international.com/pt-pt/#/schema/logo/image/"},"sameAs":["https://www.facebook.com/CarltonInternationalRealEstate/","https://x.com/CarltonInter","https://www.instagram.com/carlton.international/","https://www.linkedin.com/company/carlton-international/mycompany/","https://www.youtube.com/channel/UC45DFaSawRRikZFLqr2C_XQ"]}]}</script>
<!-- / Yoast SEO Premium plugin. -->

Mandelieu - Moradia com vista panorâmica sobre o mar - Carlton International

Mandelieu - Moradia com vista panorâmica sobre o mar
