{"id":4175046,"date":"2022-04-13T17:53:28","date_gmt":"2022-04-13T15:53:28","guid":{"rendered":"https:\/\/www.carlton-international.com\/annonce\/le-trayas-contemporary-style-villa-with-panoramic-sea-view-saint-raphael\/"},"modified":"2026-04-17T00:12:31","modified_gmt":"2026-04-16T22:12:31","slug":"le-trayas-moradia-contemporanea-com-vista-panoramica-sobre-o-mar-saint-raphael","status":"publish","type":"annonce","link":"https:\/\/www.carlton-international.com\/pt-pt\/annonce\/le-trayas-moradia-contemporanea-com-vista-panoramica-sobre-o-mar-saint-raphael\/","title":{"rendered":"Le Trayas Moradia contempor\u00e2nea com vista panor\u00e2mica sobre o mar, Saint Raphael"},"content":{"rendered":"<p>Situada no cora\u00e7\u00e3o do Est\u00e9rel, numa propriedade fechada apenas a 10 minutos da aldeia de Th\u00e9oule-sur-Mer, esta magn\u00edfica moradia contempor\u00e2nea foi completamente renovada e oferece vistas ininterruptas sobre o mar, a Ba\u00eda de Cannes e as ilhas.<\/p>\n<p>Constru\u00edda em dois pisos, o r\u00e9s do ch\u00e3o \u00e9 composto por uma espa\u00e7osa sala de estar com lareira central, banhada de luz gra\u00e7as \u00e0s suas grandes janelas panor\u00e2micas que revelam um panorama excecional sobre o mar. A cozinha totalmente equipada, em plano aberto, inclui uma zona de refei\u00e7\u00f5es e uma despensa. Tudo isto abre-se para vastos terra\u00e7os com vistas panor\u00e2micas. ref 11945<\/p>\n<p>No piso do jardim, encontram-se tr\u00eas quartos em suite com casa de banho privativa, incluindo uma suite principal com closet e banheira, que se abrem para terra\u00e7os que d\u00e3o para uma grande piscina. Este n\u00edvel tamb\u00e9m abriga uma espa\u00e7osa lavandaria, adega e casa de banho para h\u00f3spedes, bem como um apartamento separado com casa de banho e duche.<\/p>\n<p>Situada em 1173 m\u00b2 de terreno, a propriedade tamb\u00e9m inclui um est\u00fadio independente e estacionamento fechado. Ref. 11945<\/p>\n<p>Os custos m\u00e9dios de energia em 2021 ser\u00e3o entre \u20ac 850 e \u20ac 1220 por ano.<br \/>\nAs taxas de ag\u00eancia s\u00e3o pagas pelo vendedor.<\/p>\n<p>Informa\u00e7\u00f5es sobre os riscos a que este im\u00f3vel est\u00e1 exposto est\u00e3o dispon\u00edveis no s\u00edtio Web da G\u00e9orisques http:\/\/www.georisques.gouv.fr<\/p>\n","protected":false},"featured_media":0,"menu_order":0,"template":"","secteurs":[3373,3373,9293,9293,3372,3368,9210,3420,9210],"service":[90,92,96,69,91,72,97,73,71,93,152,1294,88],"tags":[7896,7897,7895,8829,164,99,4084,4081,4087,89,4545,78,4546],"type_de_bien":[3407,8479],"type_annonce":[3409,3409],"class_list":{"0":"post-4175046","1":"annonce","2":"type-annonce","3":"status-publish","4":"hentry","5":"secteurs-alpes-maritimes-pt-pt","7":"secteurs-alpes-maritimes-en-41","9":"secteurs-france-pt-pt","10":"secteurs-france-en","11":"secteurs-theoule-sur-mer-en","12":"secteurs-theoule-sur-mer-pt-pt","14":"service-air-conditionne","15":"service-alarme","16":"service-arrosage","17":"service-cheminee","18":"service-cloture","19":"service-double-vitrage","20":"service-eclairage-exterieur","21":"service-fenetres-coulissantes","22":"service-piscine","23":"service-portail-electrique","24":"service-stores","25":"service-thermostat-connecte","26":"service-videophone","27":"tags-diagnostiques-techniques","28":"tags-passeport-id","29":"tags-site-carlton-international","30":"tags-vue-mer","31":"tags-aucun-vis-a-vis","32":"tags-cadre-silencieux","33":"tags-contemporaine","34":"tags-domaine-ferme","35":"tags-domaine-securise","36":"tags-mer","37":"tags-plateformes","38":"tags-quartier-residentiel","39":"tags-reseaux-sociaux","40":"type_de_bien-casa","41":"type_de_bien-maison-pt-pt","42":"type_annonce-venda"},"acf":[],"yoast_head":"<!-- This site is optimized with the Yoast SEO Premium plugin v20.11 (Yoast SEO v26.5) - https:\/\/yoast.com\/wordpress\/plugins\/seo\/ -->\n<title>Le Trayas Moradia contempor\u00e2nea com vista panor\u00e2mica sobre o mar, Saint Raphael - Carlton International<\/title>\n<meta name=\"robots\" content=\"index, follow, max-snippet:-1, max-image-preview:large, max-video-preview:-1\" \/>\n<link rel=\"canonical\" href=\"https:\/\/www.carlton-international.com\/pt-pt\/annonce\/le-trayas-moradia-contemporanea-com-vista-panoramica-sobre-o-mar-saint-raphael\/\" \/>\n<meta property=\"og:locale\" content=\"pt_PT\" \/>\n<meta property=\"og:type\" content=\"article\" \/>\n<meta property=\"og:title\" content=\"Le Trayas Moradia contempor\u00e2nea com vista panor\u00e2mica sobre o mar, Saint Raphael\" \/>\n<meta property=\"og:url\" content=\"https:\/\/www.carlton-international.com\/pt-pt\/annonce\/le-trayas-moradia-contemporanea-com-vista-panoramica-sobre-o-mar-saint-raphael\/\" \/>\n<meta property=\"og:site_name\" content=\"Carlton International\" \/>\n<meta property=\"article:publisher\" content=\"https:\/\/www.facebook.com\/CarltonInternationalRealEstate\/\" \/>\n<meta property=\"article:modified_time\" content=\"2026-04-16T22:12:31+00:00\" \/>\n<meta name=\"twitter:card\" content=\"summary_large_image\" \/>\n<meta name=\"twitter:site\" content=\"@CarltonInter\" \/>\n<meta name=\"twitter:label1\" content=\"Tempo estimado de leitura\" \/>\n\t<meta name=\"twitter:data1\" content=\"1 minuto\" \/>\n<script type=\"application\/ld+json\" class=\"yoast-schema-graph\">{\"@context\":\"https:\/\/schema.org\",\"@graph\":[{\"@type\":\"WebPage\",\"@id\":\"https:\/\/www.carlton-international.com\/pt-pt\/annonce\/le-trayas-moradia-contemporanea-com-vista-panoramica-sobre-o-mar-saint-raphael\/\",\"url\":\"https:\/\/www.carlton-international.com\/pt-pt\/annonce\/le-trayas-moradia-contemporanea-com-vista-panoramica-sobre-o-mar-saint-raphael\/\",\"name\":\"Le Trayas Moradia contempor\u00e2nea com vista panor\u00e2mica sobre o mar, Saint Raphael - Carlton International\",\"isPartOf\":{\"@id\":\"https:\/\/www.carlton-international.com\/pt-pt\/#website\"},\"datePublished\":\"2022-04-13T15:53:28+00:00\",\"dateModified\":\"2026-04-16T22:12:31+00:00\",\"breadcrumb\":{\"@id\":\"https:\/\/www.carlton-international.com\/pt-pt\/annonce\/le-trayas-moradia-contemporanea-com-vista-panoramica-sobre-o-mar-saint-raphael\/#breadcrumb\"},\"inLanguage\":\"pt-PT\",\"potentialAction\":[{\"@type\":\"ReadAction\",\"target\":[\"https:\/\/www.carlton-international.com\/pt-pt\/annonce\/le-trayas-moradia-contemporanea-com-vista-panoramica-sobre-o-mar-saint-raphael\/\"]}]},{\"@type\":\"BreadcrumbList\",\"@id\":\"https:\/\/www.carlton-international.com\/pt-pt\/annonce\/le-trayas-moradia-contemporanea-com-vista-panoramica-sobre-o-mar-saint-raphael\/#breadcrumb\",\"itemListElement\":[{\"@type\":\"ListItem\",\"position\":1,\"name\":\"Accueil\",\"item\":\"https:\/\/www.carlton-international.com\/pt-pt\/\"},{\"@type\":\"ListItem\",\"position\":2,\"name\":\"Le Trayas Moradia contempor\u00e2nea com vista panor\u00e2mica sobre o mar, Saint Raphael\"}]},{\"@type\":\"WebSite\",\"@id\":\"https:\/\/www.carlton-international.com\/pt-pt\/#website\",\"url\":\"https:\/\/www.carlton-international.com\/pt-pt\/\",\"name\":\"Carlton International\",\"description\":\"Luxury Real Estate in France and Internationally\",\"publisher\":{\"@id\":\"https:\/\/www.carlton-international.com\/pt-pt\/#organization\"},\"alternateName\":\"Carlton\",\"potentialAction\":[{\"@type\":\"SearchAction\",\"target\":{\"@type\":\"EntryPoint\",\"urlTemplate\":\"https:\/\/www.carlton-international.com\/pt-pt\/?s={search_term_string}\"},\"query-input\":{\"@type\":\"PropertyValueSpecification\",\"valueRequired\":true,\"valueName\":\"search_term_string\"}}],\"inLanguage\":\"pt-PT\"},{\"@type\":\"Organization\",\"@id\":\"https:\/\/www.carlton-international.com\/pt-pt\/#organization\",\"name\":\"Carlton International\",\"alternateName\":\"Carlton\",\"url\":\"https:\/\/www.carlton-international.com\/pt-pt\/\",\"logo\":{\"@type\":\"ImageObject\",\"inLanguage\":\"pt-PT\",\"@id\":\"https:\/\/www.carlton-international.com\/pt-pt\/#\/schema\/logo\/image\/\",\"url\":\"https:\/\/www.carlton-international.com\/wp-content\/uploads\/2024\/10\/logo-square-1.jpg\",\"contentUrl\":\"https:\/\/www.carlton-international.com\/wp-content\/uploads\/2024\/10\/logo-square-1.jpg\",\"width\":240,\"height\":240,\"caption\":\"Carlton International\"},\"image\":{\"@id\":\"https:\/\/www.carlton-international.com\/pt-pt\/#\/schema\/logo\/image\/\"},\"sameAs\":[\"https:\/\/www.facebook.com\/CarltonInternationalRealEstate\/\",\"https:\/\/x.com\/CarltonInter\",\"https:\/\/www.instagram.com\/carlton.international\/\",\"https:\/\/www.linkedin.com\/company\/carlton-international\/mycompany\/\",\"https:\/\/www.youtube.com\/channel\/UC45DFaSawRRikZFLqr2C_XQ\"]}]}<\/script>\n<!-- \/ Yoast SEO Premium plugin. -->","yoast_head_json":{"title":"Le Trayas Moradia contempor\u00e2nea com vista panor\u00e2mica sobre o mar, Saint Raphael - Carlton International","robots":{"index":"index","follow":"follow","max-snippet":"max-snippet:-1","max-image-preview":"max-image-preview:large","max-video-preview":"max-video-preview:-1"},"canonical":"https:\/\/www.carlton-international.com\/pt-pt\/annonce\/le-trayas-moradia-contemporanea-com-vista-panoramica-sobre-o-mar-saint-raphael\/","og_locale":"pt_PT","og_type":"article","og_title":"Le Trayas Moradia contempor\u00e2nea com vista panor\u00e2mica sobre o mar, Saint Raphael","og_url":"https:\/\/www.carlton-international.com\/pt-pt\/annonce\/le-trayas-moradia-contemporanea-com-vista-panoramica-sobre-o-mar-saint-raphael\/","og_site_name":"Carlton International","article_publisher":"https:\/\/www.facebook.com\/CarltonInternationalRealEstate\/","article_modified_time":"2026-04-16T22:12:31+00:00","twitter_card":"summary_large_image","twitter_site":"@CarltonInter","twitter_misc":{"Tempo estimado de leitura":"1 minuto"},"schema":{"@context":"https:\/\/schema.org","@graph":[{"@type":"WebPage","@id":"https:\/\/www.carlton-international.com\/pt-pt\/annonce\/le-trayas-moradia-contemporanea-com-vista-panoramica-sobre-o-mar-saint-raphael\/","url":"https:\/\/www.carlton-international.com\/pt-pt\/annonce\/le-trayas-moradia-contemporanea-com-vista-panoramica-sobre-o-mar-saint-raphael\/","name":"Le Trayas Moradia contempor\u00e2nea com vista panor\u00e2mica sobre o mar, Saint Raphael - Carlton International","isPartOf":{"@id":"https:\/\/www.carlton-international.com\/pt-pt\/#website"},"datePublished":"2022-04-13T15:53:28+00:00","dateModified":"2026-04-16T22:12:31+00:00","breadcrumb":{"@id":"https:\/\/www.carlton-international.com\/pt-pt\/annonce\/le-trayas-moradia-contemporanea-com-vista-panoramica-sobre-o-mar-saint-raphael\/#breadcrumb"},"inLanguage":"pt-PT","potentialAction":[{"@type":"ReadAction","target":["https:\/\/www.carlton-international.com\/pt-pt\/annonce\/le-trayas-moradia-contemporanea-com-vista-panoramica-sobre-o-mar-saint-raphael\/"]}]},{"@type":"BreadcrumbList","@id":"https:\/\/www.carlton-international.com\/pt-pt\/annonce\/le-trayas-moradia-contemporanea-com-vista-panoramica-sobre-o-mar-saint-raphael\/#breadcrumb","itemListElement":[{"@type":"ListItem","position":1,"name":"Accueil","item":"https:\/\/www.carlton-international.com\/pt-pt\/"},{"@type":"ListItem","position":2,"name":"Le Trayas Moradia contempor\u00e2nea com vista panor\u00e2mica sobre o mar, Saint Raphael"}]},{"@type":"WebSite","@id":"https:\/\/www.carlton-international.com\/pt-pt\/#website","url":"https:\/\/www.carlton-international.com\/pt-pt\/","name":"Carlton International","description":"Luxury Real Estate in France and Internationally","publisher":{"@id":"https:\/\/www.carlton-international.com\/pt-pt\/#organization"},"alternateName":"Carlton","potentialAction":[{"@type":"SearchAction","target":{"@type":"EntryPoint","urlTemplate":"https:\/\/www.carlton-international.com\/pt-pt\/?s={search_term_string}"},"query-input":{"@type":"PropertyValueSpecification","valueRequired":true,"valueName":"search_term_string"}}],"inLanguage":"pt-PT"},{"@type":"Organization","@id":"https:\/\/www.carlton-international.com\/pt-pt\/#organization","name":"Carlton International","alternateName":"Carlton","url":"https:\/\/www.carlton-international.com\/pt-pt\/","logo":{"@type":"ImageObject","inLanguage":"pt-PT","@id":"https:\/\/www.carlton-international.com\/pt-pt\/#\/schema\/logo\/image\/","url":"https:\/\/www.carlton-international.com\/wp-content\/uploads\/2024\/10\/logo-square-1.jpg","contentUrl":"https:\/\/www.carlton-international.com\/wp-content\/uploads\/2024\/10\/logo-square-1.jpg","width":240,"height":240,"caption":"Carlton International"},"image":{"@id":"https:\/\/www.carlton-international.com\/pt-pt\/#\/schema\/logo\/image\/"},"sameAs":["https:\/\/www.facebook.com\/CarltonInternationalRealEstate\/","https:\/\/x.com\/CarltonInter","https:\/\/www.instagram.com\/carlton.international\/","https:\/\/www.linkedin.com\/company\/carlton-international\/mycompany\/","https:\/\/www.youtube.com\/channel\/UC45DFaSawRRikZFLqr2C_XQ"]}]}},"jetpack_sharing_enabled":true,"_links":{"self":[{"href":"https:\/\/www.carlton-international.com\/pt-pt\/wp-json\/wp\/v2\/annonce\/4175046","targetHints":{"allow":["GET"]}}],"collection":[{"href":"https:\/\/www.carlton-international.com\/pt-pt\/wp-json\/wp\/v2\/annonce"}],"about":[{"href":"https:\/\/www.carlton-international.com\/pt-pt\/wp-json\/wp\/v2\/types\/annonce"}],"wp:attachment":[{"href":"https:\/\/www.carlton-international.com\/pt-pt\/wp-json\/wp\/v2\/media?parent=4175046"}],"wp:term":[{"taxonomy":"secteurs","embeddable":true,"href":"https:\/\/www.carlton-international.com\/pt-pt\/wp-json\/wp\/v2\/secteurs?post=4175046"},{"taxonomy":"service","embeddable":true,"href":"https:\/\/www.carlton-international.com\/pt-pt\/wp-json\/wp\/v2\/service?post=4175046"},{"taxonomy":"tags","embeddable":true,"href":"https:\/\/www.carlton-international.com\/pt-pt\/wp-json\/wp\/v2\/tags?post=4175046"},{"taxonomy":"type_de_bien","embeddable":true,"href":"https:\/\/www.carlton-international.com\/pt-pt\/wp-json\/wp\/v2\/type_de_bien?post=4175046"},{"taxonomy":"type_annonce","embeddable":true,"href":"https:\/\/www.carlton-international.com\/pt-pt\/wp-json\/wp\/v2\/type_annonce?post=4175046"}],"curies":[{"name":"wp","href":"https:\/\/api.w.org\/{rel}","templated":true}]}}

Le Trayas Moradia contemporânea com vista panorâmica sobre o mar, Saint Raphael

<p>Situada no coração do Estérel, numa propriedade fechada apenas a 10 minutos da aldeia de Théoule-sur-Mer, esta magnífica moradia contemporânea foi completamente renovada e oferece vistas ininterruptas sobre o mar, a Baía de Cannes e as ilhas.</p>
<p>Construída em dois pisos, o rés do chão é composto por uma espaçosa sala de estar com lareira central, banhada de luz graças às suas grandes janelas panorâmicas que revelam um panorama excecional sobre o mar. A cozinha totalmente equipada, em plano aberto, inclui uma zona de refeições e uma despensa. Tudo isto abre-se para vastos terraços com vistas panorâmicas. ref 11945</p>
<p>No piso do jardim, encontram-se três quartos em suite com casa de banho privativa, incluindo uma suite principal com closet e banheira, que se abrem para terraços que dão para uma grande piscina. Este nível também abriga uma espaçosa lavandaria, adega e casa de banho para hóspedes, bem como um apartamento separado com casa de banho e duche.</p>
<p>Situada em 1173 m² de terreno, a propriedade também inclui um estúdio independente e estacionamento fechado. Ref. 11945</p>
<p>Os custos médios de energia em 2021 serão entre € 850 e € 1220 por ano.<br />
As taxas de agência são pagas pelo vendedor.</p>
<p>Informações sobre os riscos a que este imóvel está exposto estão disponíveis no sítio Web da Géorisques http://www.georisques.gouv.fr</p>

<!-- This site is optimized with the Yoast SEO Premium plugin v20.11 (Yoast SEO v26.5) - https://yoast.com/wordpress/plugins/seo/ -->
<title>Le Trayas Moradia contemporânea com vista panorâmica sobre o mar, Saint Raphael - Carlton International</title>
<meta name="robots" content="index, follow, max-snippet:-1, max-image-preview:large, max-video-preview:-1" />
<link rel="canonical" href="https://www.carlton-international.com/pt-pt/annonce/le-trayas-moradia-contemporanea-com-vista-panoramica-sobre-o-mar-saint-raphael/" />
<meta property="og:locale" content="pt_PT" />
<meta property="og:type" content="article" />
<meta property="og:title" content="Le Trayas Moradia contemporânea com vista panorâmica sobre o mar, Saint Raphael" />
<meta property="og:url" content="https://www.carlton-international.com/pt-pt/annonce/le-trayas-moradia-contemporanea-com-vista-panoramica-sobre-o-mar-saint-raphael/" />
<meta property="og:site_name" content="Carlton International" />
<meta property="article:publisher" content="https://www.facebook.com/CarltonInternationalRealEstate/" />
<meta property="article:modified_time" content="2026-04-16T22:12:31+00:00" />
<meta name="twitter:card" content="summary_large_image" />
<meta name="twitter:site" content="@CarltonInter" />
<meta name="twitter:label1" content="Tempo estimado de leitura" />
	<meta name="twitter:data1" content="1 minuto" />
<script type="application/ld+json" class="yoast-schema-graph">{"@context":"https://schema.org","@graph":[{"@type":"WebPage","@id":"https://www.carlton-international.com/pt-pt/annonce/le-trayas-moradia-contemporanea-com-vista-panoramica-sobre-o-mar-saint-raphael/","url":"https://www.carlton-international.com/pt-pt/annonce/le-trayas-moradia-contemporanea-com-vista-panoramica-sobre-o-mar-saint-raphael/","name":"Le Trayas Moradia contemporânea com vista panorâmica sobre o mar, Saint Raphael - Carlton International","isPartOf":{"@id":"https://www.carlton-international.com/pt-pt/#website"},"datePublished":"2022-04-13T15:53:28+00:00","dateModified":"2026-04-16T22:12:31+00:00","breadcrumb":{"@id":"https://www.carlton-international.com/pt-pt/annonce/le-trayas-moradia-contemporanea-com-vista-panoramica-sobre-o-mar-saint-raphael/#breadcrumb"},"inLanguage":"pt-PT","potentialAction":[{"@type":"ReadAction","target":["https://www.carlton-international.com/pt-pt/annonce/le-trayas-moradia-contemporanea-com-vista-panoramica-sobre-o-mar-saint-raphael/"]}]},{"@type":"BreadcrumbList","@id":"https://www.carlton-international.com/pt-pt/annonce/le-trayas-moradia-contemporanea-com-vista-panoramica-sobre-o-mar-saint-raphael/#breadcrumb","itemListElement":[{"@type":"ListItem","position":1,"name":"Accueil","item":"https://www.carlton-international.com/pt-pt/"},{"@type":"ListItem","position":2,"name":"Le Trayas Moradia contemporânea com vista panorâmica sobre o mar, Saint Raphael"}]},{"@type":"WebSite","@id":"https://www.carlton-international.com/pt-pt/#website","url":"https://www.carlton-international.com/pt-pt/","name":"Carlton International","description":"Luxury Real Estate in France and Internationally","publisher":{"@id":"https://www.carlton-international.com/pt-pt/#organization"},"alternateName":"Carlton","potentialAction":[{"@type":"SearchAction","target":{"@type":"EntryPoint","urlTemplate":"https://www.carlton-international.com/pt-pt/?s={search_term_string}"},"query-input":{"@type":"PropertyValueSpecification","valueRequired":true,"valueName":"search_term_string"}}],"inLanguage":"pt-PT"},{"@type":"Organization","@id":"https://www.carlton-international.com/pt-pt/#organization","name":"Carlton International","alternateName":"Carlton","url":"https://www.carlton-international.com/pt-pt/","logo":{"@type":"ImageObject","inLanguage":"pt-PT","@id":"https://www.carlton-international.com/pt-pt/#/schema/logo/image/","url":"https://www.carlton-international.com/wp-content/uploads/2024/10/logo-square-1.jpg","contentUrl":"https://www.carlton-international.com/wp-content/uploads/2024/10/logo-square-1.jpg","width":240,"height":240,"caption":"Carlton International"},"image":{"@id":"https://www.carlton-international.com/pt-pt/#/schema/logo/image/"},"sameAs":["https://www.facebook.com/CarltonInternationalRealEstate/","https://x.com/CarltonInter","https://www.instagram.com/carlton.international/","https://www.linkedin.com/company/carlton-international/mycompany/","https://www.youtube.com/channel/UC45DFaSawRRikZFLqr2C_XQ"]}]}</script>
<!-- / Yoast SEO Premium plugin. -->

Le Trayas Moradia contemporânea com vista panorâmica sobre o mar, Saint Raphael - Carlton International
