{"id":3493183,"date":"2025-04-09T09:53:31","date_gmt":"2025-04-09T07:53:31","guid":{"rendered":"https:\/\/www.carlton-international.com\/collaborateur\/jean-jetzer\/"},"modified":"2025-09-29T10:45:13","modified_gmt":"2025-09-29T08:45:13","slug":"jean-jetzer","status":"publish","type":"collaborateur","link":"https:\/\/www.carlton-international.com\/es\/collaborateur\/jean-jetzer\/","title":{"rendered":"Jean JETZER"},"content":{"rendered":"<div data-olk-copy-source=\"MessageBody\"><em><strong>\u00abEl secreto del \u00e9xito es hacer las cosas ordinarias de manera extraordinaria.\u00bb<\/strong><\/em><\/div>\n<div data-olk-copy-source=\"MessageBody\"><\/div>\n<div data-olk-copy-source=\"MessageBody\">Originario de Alsacia, <span class=\"markexsyld6ob\" data-markjs=\"true\" data-ogac=\"\" data-ogab=\"\" data-ogsc=\"\" data-ogsb=\"\">Jean<\/span> desarroll\u00f3 sus habilidades en alem\u00e1n gracias a una experiencia profesional de m\u00e1s de cuatro a\u00f1os en Suiza. Tras esta etapa enriquecedora, emprendi\u00f3 un viaje de varios meses por Am\u00e9rica del Sur.<\/div>\n<div data-olk-copy-source=\"MessageBody\"><\/div>\n<div>Apasionado del deporte, decidi\u00f3 reorientarse hacia el \u00e1mbito de los eventos deportivos, un camino que concret\u00f3 al incorporarse a la agencia Monaco Sport Business. Durante casi dos a\u00f1os, contribuy\u00f3 a la organizaci\u00f3n de eventos prestigiosos como el Gran Premio de M\u00f3naco y el Rolex Master de Monte-Carlo.<\/div>\n<div><\/div>\n<div>En busca de nuevos retos, <span class=\"markexsyld6ob\" data-markjs=\"true\" data-ogac=\"\" data-ogab=\"\" data-ogsc=\"\" data-ogsb=\"\">Jean<\/span> se uni\u00f3 posteriormente a Le Collectionist a finales de 2021, donde ocup\u00f3 el puesto de Rental Manager. A cargo de una cartera de villas de alta gama y de la gesti\u00f3n de estancias en toda la Costa Azul, supo responder a las necesidades de los clientes y propietarios, reforzando as\u00ed sus competencias en relaci\u00f3n con el cliente y en gesti\u00f3n inmobiliaria.<\/div>\n","protected":false},"featured_media":3146830,"menu_order":23,"template":"","class_list":["post-3493183","collaborateur","type-collaborateur","status-publish","has-post-thumbnail","hentry"],"acf":[],"yoast_head":"<!-- This site is optimized with the Yoast SEO Premium plugin v20.11 (Yoast SEO v26.5) - https:\/\/yoast.com\/wordpress\/plugins\/seo\/ -->\n<title>Jean JETZER - Carlton International<\/title>\n<meta name=\"description\" content=\"Originaire d\u2019Alsace,\u00a0Jean\u00a0a d\u00e9velopp\u00e9 ses comp\u00e9tences en allemand gr\u00e2ce \u00e0 une exp\u00e9rience professionnelle de plus de quatre ans en Suisse.\" \/>\n<meta name=\"robots\" content=\"index, follow, max-snippet:-1, max-image-preview:large, max-video-preview:-1\" \/>\n<link rel=\"canonical\" href=\"https:\/\/www.carlton-international.com\/es\/collaborateur\/jean-jetzer\/\" \/>\n<meta property=\"og:locale\" content=\"es_ES\" \/>\n<meta property=\"og:type\" content=\"article\" \/>\n<meta property=\"og:title\" content=\"Jean JETZER\" \/>\n<meta property=\"og:url\" content=\"https:\/\/www.carlton-international.com\/es\/collaborateur\/jean-jetzer\/\" \/>\n<meta property=\"og:site_name\" content=\"Carlton International\" \/>\n<meta property=\"article:publisher\" content=\"https:\/\/www.facebook.com\/CarltonInternationalRealEstate\/\" \/>\n<meta property=\"article:modified_time\" content=\"2025-09-29T08:45:13+00:00\" \/>\n<meta property=\"og:image\" content=\"https:\/\/www.carlton-international.com\/wp-content\/uploads\/2025\/04\/DSC00766-2-scaled-e1744185052915.jpg\" \/>\n\t<meta property=\"og:image:width\" content=\"1707\" \/>\n\t<meta property=\"og:image:height\" content=\"2560\" \/>\n\t<meta property=\"og:image:type\" content=\"image\/jpeg\" \/>\n<meta name=\"twitter:card\" content=\"summary_large_image\" \/>\n<meta name=\"twitter:site\" content=\"@CarltonInter\" \/>\n<meta name=\"twitter:label1\" content=\"Tiempo de lectura\" \/>\n\t<meta name=\"twitter:data1\" content=\"2 minutos\" \/>\n<script type=\"application\/ld+json\" class=\"yoast-schema-graph\">{\"@context\":\"https:\/\/schema.org\",\"@graph\":[{\"@type\":\"WebPage\",\"@id\":\"https:\/\/www.carlton-international.com\/es\/collaborateur\/jean-jetzer\/\",\"url\":\"https:\/\/www.carlton-international.com\/es\/collaborateur\/jean-jetzer\/\",\"name\":\"Jean JETZER - Carlton International\",\"isPartOf\":{\"@id\":\"https:\/\/www.carlton-international.com\/es\/#website\"},\"primaryImageOfPage\":{\"@id\":\"https:\/\/www.carlton-international.com\/es\/collaborateur\/jean-jetzer\/#primaryimage\"},\"image\":{\"@id\":\"https:\/\/www.carlton-international.com\/es\/collaborateur\/jean-jetzer\/#primaryimage\"},\"thumbnailUrl\":\"https:\/\/www.carlton-international.com\/wp-content\/uploads\/2025\/04\/DSC00766-2-scaled-e1744185052915.jpg\",\"datePublished\":\"2025-04-09T07:53:31+00:00\",\"dateModified\":\"2025-09-29T08:45:13+00:00\",\"description\":\"Originaire d\u2019Alsace,\u00a0Jean\u00a0a d\u00e9velopp\u00e9 ses comp\u00e9tences en allemand gr\u00e2ce \u00e0 une exp\u00e9rience professionnelle de plus de quatre ans en Suisse.\",\"breadcrumb\":{\"@id\":\"https:\/\/www.carlton-international.com\/es\/collaborateur\/jean-jetzer\/#breadcrumb\"},\"inLanguage\":\"es\",\"potentialAction\":[{\"@type\":\"ReadAction\",\"target\":[\"https:\/\/www.carlton-international.com\/es\/collaborateur\/jean-jetzer\/\"]}]},{\"@type\":\"ImageObject\",\"inLanguage\":\"es\",\"@id\":\"https:\/\/www.carlton-international.com\/es\/collaborateur\/jean-jetzer\/#primaryimage\",\"url\":\"https:\/\/www.carlton-international.com\/wp-content\/uploads\/2025\/04\/DSC00766-2-scaled-e1744185052915.jpg\",\"contentUrl\":\"https:\/\/www.carlton-international.com\/wp-content\/uploads\/2025\/04\/DSC00766-2-scaled-e1744185052915.jpg\",\"width\":1707,\"height\":2560,\"caption\":\"Jean JETZER\"},{\"@type\":\"BreadcrumbList\",\"@id\":\"https:\/\/www.carlton-international.com\/es\/collaborateur\/jean-jetzer\/#breadcrumb\",\"itemListElement\":[{\"@type\":\"ListItem\",\"position\":1,\"name\":\"Accueil\",\"item\":\"https:\/\/www.carlton-international.com\/es\/\"},{\"@type\":\"ListItem\",\"position\":2,\"name\":\"Jean JETZER\"}]},{\"@type\":\"WebSite\",\"@id\":\"https:\/\/www.carlton-international.com\/es\/#website\",\"url\":\"https:\/\/www.carlton-international.com\/es\/\",\"name\":\"Carlton International\",\"description\":\"Luxury Real Estate in France and Internationally\",\"publisher\":{\"@id\":\"https:\/\/www.carlton-international.com\/es\/#organization\"},\"alternateName\":\"Carlton\",\"potentialAction\":[{\"@type\":\"SearchAction\",\"target\":{\"@type\":\"EntryPoint\",\"urlTemplate\":\"https:\/\/www.carlton-international.com\/es\/?s={search_term_string}\"},\"query-input\":{\"@type\":\"PropertyValueSpecification\",\"valueRequired\":true,\"valueName\":\"search_term_string\"}}],\"inLanguage\":\"es\"},{\"@type\":\"Organization\",\"@id\":\"https:\/\/www.carlton-international.com\/es\/#organization\",\"name\":\"Carlton International\",\"alternateName\":\"Carlton\",\"url\":\"https:\/\/www.carlton-international.com\/es\/\",\"logo\":{\"@type\":\"ImageObject\",\"inLanguage\":\"es\",\"@id\":\"https:\/\/www.carlton-international.com\/es\/#\/schema\/logo\/image\/\",\"url\":\"https:\/\/www.carlton-international.com\/wp-content\/uploads\/2024\/10\/logo-square-1.jpg\",\"contentUrl\":\"https:\/\/www.carlton-international.com\/wp-content\/uploads\/2024\/10\/logo-square-1.jpg\",\"width\":240,\"height\":240,\"caption\":\"Carlton International\"},\"image\":{\"@id\":\"https:\/\/www.carlton-international.com\/es\/#\/schema\/logo\/image\/\"},\"sameAs\":[\"https:\/\/www.facebook.com\/CarltonInternationalRealEstate\/\",\"https:\/\/x.com\/CarltonInter\",\"https:\/\/www.instagram.com\/carlton.international\/\",\"https:\/\/www.linkedin.com\/company\/carlton-international\/mycompany\/\",\"https:\/\/www.youtube.com\/channel\/UC45DFaSawRRikZFLqr2C_XQ\"]}]}<\/script>\n<!-- \/ Yoast SEO Premium plugin. -->","yoast_head_json":{"title":"Jean JETZER - Carlton International","description":"Originaire d\u2019Alsace,\u00a0Jean\u00a0a d\u00e9velopp\u00e9 ses comp\u00e9tences en allemand gr\u00e2ce \u00e0 une exp\u00e9rience professionnelle de plus de quatre ans en Suisse.","robots":{"index":"index","follow":"follow","max-snippet":"max-snippet:-1","max-image-preview":"max-image-preview:large","max-video-preview":"max-video-preview:-1"},"canonical":"https:\/\/www.carlton-international.com\/es\/collaborateur\/jean-jetzer\/","og_locale":"es_ES","og_type":"article","og_title":"Jean JETZER","og_url":"https:\/\/www.carlton-international.com\/es\/collaborateur\/jean-jetzer\/","og_site_name":"Carlton International","article_publisher":"https:\/\/www.facebook.com\/CarltonInternationalRealEstate\/","article_modified_time":"2025-09-29T08:45:13+00:00","og_image":[{"width":1707,"height":2560,"url":"https:\/\/www.carlton-international.com\/wp-content\/uploads\/2025\/04\/DSC00766-2-scaled-e1744185052915.jpg","type":"image\/jpeg"}],"twitter_card":"summary_large_image","twitter_site":"@CarltonInter","twitter_misc":{"Tiempo de lectura":"2 minutos"},"schema":{"@context":"https:\/\/schema.org","@graph":[{"@type":"WebPage","@id":"https:\/\/www.carlton-international.com\/es\/collaborateur\/jean-jetzer\/","url":"https:\/\/www.carlton-international.com\/es\/collaborateur\/jean-jetzer\/","name":"Jean JETZER - Carlton International","isPartOf":{"@id":"https:\/\/www.carlton-international.com\/es\/#website"},"primaryImageOfPage":{"@id":"https:\/\/www.carlton-international.com\/es\/collaborateur\/jean-jetzer\/#primaryimage"},"image":{"@id":"https:\/\/www.carlton-international.com\/es\/collaborateur\/jean-jetzer\/#primaryimage"},"thumbnailUrl":"https:\/\/www.carlton-international.com\/wp-content\/uploads\/2025\/04\/DSC00766-2-scaled-e1744185052915.jpg","datePublished":"2025-04-09T07:53:31+00:00","dateModified":"2025-09-29T08:45:13+00:00","description":"Originaire d\u2019Alsace,\u00a0Jean\u00a0a d\u00e9velopp\u00e9 ses comp\u00e9tences en allemand gr\u00e2ce \u00e0 une exp\u00e9rience professionnelle de plus de quatre ans en Suisse.","breadcrumb":{"@id":"https:\/\/www.carlton-international.com\/es\/collaborateur\/jean-jetzer\/#breadcrumb"},"inLanguage":"es","potentialAction":[{"@type":"ReadAction","target":["https:\/\/www.carlton-international.com\/es\/collaborateur\/jean-jetzer\/"]}]},{"@type":"ImageObject","inLanguage":"es","@id":"https:\/\/www.carlton-international.com\/es\/collaborateur\/jean-jetzer\/#primaryimage","url":"https:\/\/www.carlton-international.com\/wp-content\/uploads\/2025\/04\/DSC00766-2-scaled-e1744185052915.jpg","contentUrl":"https:\/\/www.carlton-international.com\/wp-content\/uploads\/2025\/04\/DSC00766-2-scaled-e1744185052915.jpg","width":1707,"height":2560,"caption":"Jean JETZER"},{"@type":"BreadcrumbList","@id":"https:\/\/www.carlton-international.com\/es\/collaborateur\/jean-jetzer\/#breadcrumb","itemListElement":[{"@type":"ListItem","position":1,"name":"Accueil","item":"https:\/\/www.carlton-international.com\/es\/"},{"@type":"ListItem","position":2,"name":"Jean JETZER"}]},{"@type":"WebSite","@id":"https:\/\/www.carlton-international.com\/es\/#website","url":"https:\/\/www.carlton-international.com\/es\/","name":"Carlton International","description":"Luxury Real Estate in France and Internationally","publisher":{"@id":"https:\/\/www.carlton-international.com\/es\/#organization"},"alternateName":"Carlton","potentialAction":[{"@type":"SearchAction","target":{"@type":"EntryPoint","urlTemplate":"https:\/\/www.carlton-international.com\/es\/?s={search_term_string}"},"query-input":{"@type":"PropertyValueSpecification","valueRequired":true,"valueName":"search_term_string"}}],"inLanguage":"es"},{"@type":"Organization","@id":"https:\/\/www.carlton-international.com\/es\/#organization","name":"Carlton International","alternateName":"Carlton","url":"https:\/\/www.carlton-international.com\/es\/","logo":{"@type":"ImageObject","inLanguage":"es","@id":"https:\/\/www.carlton-international.com\/es\/#\/schema\/logo\/image\/","url":"https:\/\/www.carlton-international.com\/wp-content\/uploads\/2024\/10\/logo-square-1.jpg","contentUrl":"https:\/\/www.carlton-international.com\/wp-content\/uploads\/2024\/10\/logo-square-1.jpg","width":240,"height":240,"caption":"Carlton International"},"image":{"@id":"https:\/\/www.carlton-international.com\/es\/#\/schema\/logo\/image\/"},"sameAs":["https:\/\/www.facebook.com\/CarltonInternationalRealEstate\/","https:\/\/x.com\/CarltonInter","https:\/\/www.instagram.com\/carlton.international\/","https:\/\/www.linkedin.com\/company\/carlton-international\/mycompany\/","https:\/\/www.youtube.com\/channel\/UC45DFaSawRRikZFLqr2C_XQ"]}]}},"jetpack_sharing_enabled":true,"_links":{"self":[{"href":"https:\/\/www.carlton-international.com\/es\/wp-json\/wp\/v2\/collaborateur\/3493183","targetHints":{"allow":["GET"]}}],"collection":[{"href":"https:\/\/www.carlton-international.com\/es\/wp-json\/wp\/v2\/collaborateur"}],"about":[{"href":"https:\/\/www.carlton-international.com\/es\/wp-json\/wp\/v2\/types\/collaborateur"}],"wp:featuredmedia":[{"embeddable":true,"href":"https:\/\/www.carlton-international.com\/es\/wp-json\/wp\/v2\/media\/3146830"}],"wp:attachment":[{"href":"https:\/\/www.carlton-international.com\/es\/wp-json\/wp\/v2\/media?parent=3493183"}],"curies":[{"name":"wp","href":"https:\/\/api.w.org\/{rel}","templated":true}]}}

<div data-olk-copy-source="MessageBody"><em><strong>«El secreto del éxito es hacer las cosas ordinarias de manera extraordinaria.»</strong></em></div>
<div data-olk-copy-source="MessageBody"></div>
<div data-olk-copy-source="MessageBody">Originario de Alsacia, <span class="markexsyld6ob" data-markjs="true" data-ogac="" data-ogab="" data-ogsc="" data-ogsb="">Jean</span> desarrolló sus habilidades en alemán gracias a una experiencia profesional de más de cuatro años en Suiza. Tras esta etapa enriquecedora, emprendió un viaje de varios meses por América del Sur.</div>
<div data-olk-copy-source="MessageBody"></div>
<div>Apasionado del deporte, decidió reorientarse hacia el ámbito de los eventos deportivos, un camino que concretó al incorporarse a la agencia Monaco Sport Business. Durante casi dos años, contribuyó a la organización de eventos prestigiosos como el Gran Premio de Mónaco y el Rolex Master de Monte-Carlo.</div>
<div></div>
<div>En busca de nuevos retos, <span class="markexsyld6ob" data-markjs="true" data-ogac="" data-ogab="" data-ogsc="" data-ogsb="">Jean</span> se unió posteriormente a Le Collectionist a finales de 2021, donde ocupó el puesto de Rental Manager. A cargo de una cartera de villas de alta gama y de la gestión de estancias en toda la Costa Azul, supo responder a las necesidades de los clientes y propietarios, reforzando así sus competencias en relación con el cliente y en gestión inmobiliaria.</div>

<!-- This site is optimized with the Yoast SEO Premium plugin v20.11 (Yoast SEO v26.5) - https://yoast.com/wordpress/plugins/seo/ -->
<title>Jean JETZER - Carlton International</title>
<meta name="description" content="Originaire d’Alsace, Jean a développé ses compétences en allemand grâce à une expérience professionnelle de plus de quatre ans en Suisse." />
<meta name="robots" content="index, follow, max-snippet:-1, max-image-preview:large, max-video-preview:-1" />
<link rel="canonical" href="https://www.carlton-international.com/es/collaborateur/jean-jetzer/" />
<meta property="og:locale" content="es_ES" />
<meta property="og:type" content="article" />
<meta property="og:title" content="Jean JETZER" />
<meta property="og:url" content="https://www.carlton-international.com/es/collaborateur/jean-jetzer/" />
<meta property="og:site_name" content="Carlton International" />
<meta property="article:publisher" content="https://www.facebook.com/CarltonInternationalRealEstate/" />
<meta property="article:modified_time" content="2025-09-29T08:45:13+00:00" />
<meta property="og:image" content="https://www.carlton-international.com/wp-content/uploads/2025/04/DSC00766-2-scaled-e1744185052915.jpg" />
	<meta property="og:image:width" content="1707" />
	<meta property="og:image:height" content="2560" />
	<meta property="og:image:type" content="image/jpeg" />
<meta name="twitter:card" content="summary_large_image" />
<meta name="twitter:site" content="@CarltonInter" />
<meta name="twitter:label1" content="Tiempo de lectura" />
	<meta name="twitter:data1" content="2 minutos" />
<script type="application/ld+json" class="yoast-schema-graph">{"@context":"https://schema.org","@graph":[{"@type":"WebPage","@id":"https://www.carlton-international.com/es/collaborateur/jean-jetzer/","url":"https://www.carlton-international.com/es/collaborateur/jean-jetzer/","name":"Jean JETZER - Carlton International","isPartOf":{"@id":"https://www.carlton-international.com/es/#website"},"primaryImageOfPage":{"@id":"https://www.carlton-international.com/es/collaborateur/jean-jetzer/#primaryimage"},"image":{"@id":"https://www.carlton-international.com/es/collaborateur/jean-jetzer/#primaryimage"},"thumbnailUrl":"https://www.carlton-international.com/wp-content/uploads/2025/04/DSC00766-2-scaled-e1744185052915.jpg","datePublished":"2025-04-09T07:53:31+00:00","dateModified":"2025-09-29T08:45:13+00:00","description":"Originaire d’Alsace, Jean a développé ses compétences en allemand grâce à une expérience professionnelle de plus de quatre ans en Suisse.","breadcrumb":{"@id":"https://www.carlton-international.com/es/collaborateur/jean-jetzer/#breadcrumb"},"inLanguage":"es","potentialAction":[{"@type":"ReadAction","target":["https://www.carlton-international.com/es/collaborateur/jean-jetzer/"]}]},{"@type":"ImageObject","inLanguage":"es","@id":"https://www.carlton-international.com/es/collaborateur/jean-jetzer/#primaryimage","url":"https://www.carlton-international.com/wp-content/uploads/2025/04/DSC00766-2-scaled-e1744185052915.jpg","contentUrl":"https://www.carlton-international.com/wp-content/uploads/2025/04/DSC00766-2-scaled-e1744185052915.jpg","width":1707,"height":2560,"caption":"Jean JETZER"},{"@type":"BreadcrumbList","@id":"https://www.carlton-international.com/es/collaborateur/jean-jetzer/#breadcrumb","itemListElement":[{"@type":"ListItem","position":1,"name":"Accueil","item":"https://www.carlton-international.com/es/"},{"@type":"ListItem","position":2,"name":"Jean JETZER"}]},{"@type":"WebSite","@id":"https://www.carlton-international.com/es/#website","url":"https://www.carlton-international.com/es/","name":"Carlton International","description":"Luxury Real Estate in France and Internationally","publisher":{"@id":"https://www.carlton-international.com/es/#organization"},"alternateName":"Carlton","potentialAction":[{"@type":"SearchAction","target":{"@type":"EntryPoint","urlTemplate":"https://www.carlton-international.com/es/?s={search_term_string}"},"query-input":{"@type":"PropertyValueSpecification","valueRequired":true,"valueName":"search_term_string"}}],"inLanguage":"es"},{"@type":"Organization","@id":"https://www.carlton-international.com/es/#organization","name":"Carlton International","alternateName":"Carlton","url":"https://www.carlton-international.com/es/","logo":{"@type":"ImageObject","inLanguage":"es","@id":"https://www.carlton-international.com/es/#/schema/logo/image/","url":"https://www.carlton-international.com/wp-content/uploads/2024/10/logo-square-1.jpg","contentUrl":"https://www.carlton-international.com/wp-content/uploads/2024/10/logo-square-1.jpg","width":240,"height":240,"caption":"Carlton International"},"image":{"@id":"https://www.carlton-international.com/es/#/schema/logo/image/"},"sameAs":["https://www.facebook.com/CarltonInternationalRealEstate/","https://x.com/CarltonInter","https://www.instagram.com/carlton.international/","https://www.linkedin.com/company/carlton-international/mycompany/","https://www.youtube.com/channel/UC45DFaSawRRikZFLqr2C_XQ"]}]}</script>
<!-- / Yoast SEO Premium plugin. -->

Originaire d’Alsace, Jean a développé ses compétences en allemand grâce à une expérience professionnelle de plus de quatre ans en Suisse.
