{"id":4309350,"date":"2025-03-25T17:02:09","date_gmt":"2025-03-25T16:02:09","guid":{"rendered":"https:\/\/www.carlton-international.com\/annonce\/vista-panoramica-del-mar-y-del-cap-dantibes\/"},"modified":"2026-04-17T00:11:39","modified_gmt":"2026-04-16T22:11:39","slug":"vista-panoramica-del-mar-y-del-cap-dantibes","status":"publish","type":"annonce","link":"https:\/\/www.carlton-international.com\/es\/annonce\/vista-panoramica-del-mar-y-del-cap-dantibes\/","title":{"rendered":"Vista panor\u00e1mica del mar y del Cap d&#8217;Antibes"},"content":{"rendered":"<p>Situada cerca del encantador pueblo de Tourrettes-sur-Loup, esta suntuosa villa de nueva construcci\u00f3n combina la elegancia contempor\u00e1nea con materiales de alta calidad. Situada en un terreno ajardinado, ofrece el espacio de vida ideal para una familia numerosa, con 334 m2 de superficie habitable y seis dormitorios, incluido un apartamento de invitados independiente de 2 dormitorios. Posibilidad de parcela adicional de aprox. 3.300 m2 Ref. 00688<\/p>\n<p>&#8212;<\/p>\n<p>Al entrar, un amplio vest\u00edbulo conduce a una moderna cocina totalmente equipada con isla central. \u00c9sta se abre a una magn\u00edfica terraza con jacuzzi y excepcionales vistas panor\u00e1micas. El amplio y luminoso sal\u00f3n y el espacioso comedor son una extensi\u00f3n de la cocina y tambi\u00e9n se benefician de un acceso directo a la terraza y a estas impresionantes vistas.<\/p>\n<p>En la planta inferior, la zona de noche consta de tres elegantes suites, incluida una suntuosa suite principal con un gran vestidor y ba\u00f1o completo. Los otros dos dormitorios disponen cada uno de un cuarto de ba\u00f1o y un aseo. Un cuarto dormitorio, con cuarto de ducha independiente y aseo de invitados, completa esta planta. Todas estas habitaciones se abren a una amplia terraza que conduce a la piscina y ofrece unas vistas impresionantes.<\/p>\n<p>El piso independiente, perfecto para invitados, consta de dos dormitorios, un sal\u00f3n, un comedor, una cocina totalmente equipada y un cuarto de ducha con aseo. Tiene acceso directo a una terraza privada y a la piscina. Ref. 00688<\/p>\n<p>La propiedad tambi\u00e9n ofrece la posibilidad de crear una zona de gimnasio o cine en casa. Un gran lavadero, mucho espacio de almacenamiento y armarios empotrados completan esta propiedad.<\/p>\n<p>Debajo de la zona de la piscina, un jard\u00edn llano, cerrado y seguro, plantado con olivos y especies mediterr\u00e1neas, a\u00f1ade un toque de encanto a la propiedad. Por \u00faltimo, un garaje doble, varias plazas de aparcamiento y zonas de almacenamiento adicionales completan esta villa excepcional. Ref. 00688<\/p>\n","protected":false},"featured_media":0,"menu_order":0,"template":"","secteurs":[5867,5867,9298,9298,3368,5866,1654,5944],"service":[92,96,69,91,72,97,374,73,160,82,71,93,1292,88],"tags":[7905,7903,7897,7895,8829,99,165,4084,2243,89,4545,78,4546],"type_de_bien":[5860,5860],"type_annonce":[5869,5869],"class_list":{"0":"post-4309350","1":"annonce","2":"type-annonce","3":"status-publish","4":"hentry","5":"secteurs-alpes-maritimes-es","7":"secteurs-alpes-maritimes-en-13","9":"secteurs-france-en","10":"secteurs-france-es","11":"secteurs-tourrettes-sur-loup-en","12":"secteurs-tourrettes-sur-loup-es","13":"service-alarme","14":"service-arrosage","15":"service-cheminee","16":"service-cloture","17":"service-double-vitrage","18":"service-eclairage-exterieur","19":"service-fenetre-aluminium","20":"service-fenetres-coulissantes","21":"service-internet","22":"service-jacuzzi","23":"service-piscine","24":"service-portail-electrique","25":"service-salle-de-sport","26":"service-videophone","27":"tags-appartement-ou-maison-dinvites","28":"tags-certificat-de-conformite","29":"tags-passeport-id","30":"tags-site-carlton-international","31":"tags-vue-mer","32":"tags-cadre-silencieux","33":"tags-campagne","34":"tags-contemporaine","35":"tags-jacuzzi","36":"tags-mer","37":"tags-plateformes","38":"tags-quartier-residentiel","39":"tags-reseaux-sociaux","40":"type_de_bien-hogar","42":"type_annonce-compra"},"acf":[],"yoast_head":"<!-- This site is optimized with the Yoast SEO Premium plugin v20.11 (Yoast SEO v26.5) - https:\/\/yoast.com\/wordpress\/plugins\/seo\/ -->\n<title>Vista panor\u00e1mica del mar y del Cap d&#039;Antibes - Carlton International<\/title>\n<meta name=\"robots\" content=\"index, follow, max-snippet:-1, max-image-preview:large, max-video-preview:-1\" \/>\n<link rel=\"canonical\" href=\"https:\/\/www.carlton-international.com\/es\/annonce\/vista-panoramica-del-mar-y-del-cap-dantibes\/\" \/>\n<meta property=\"og:locale\" content=\"es_ES\" \/>\n<meta property=\"og:type\" content=\"article\" \/>\n<meta property=\"og:title\" content=\"Vista panor\u00e1mica del mar y del Cap d&#039;Antibes\" \/>\n<meta property=\"og:url\" content=\"https:\/\/www.carlton-international.com\/es\/annonce\/vista-panoramica-del-mar-y-del-cap-dantibes\/\" \/>\n<meta property=\"og:site_name\" content=\"Carlton International\" \/>\n<meta property=\"article:publisher\" content=\"https:\/\/www.facebook.com\/CarltonInternationalRealEstate\/\" \/>\n<meta property=\"article:modified_time\" content=\"2026-04-16T22:11:39+00:00\" \/>\n<meta name=\"twitter:card\" content=\"summary_large_image\" \/>\n<meta name=\"twitter:site\" content=\"@CarltonInter\" \/>\n<meta name=\"twitter:label1\" content=\"Tiempo de lectura\" \/>\n\t<meta name=\"twitter:data1\" content=\"2 minutos\" \/>\n<script type=\"application\/ld+json\" class=\"yoast-schema-graph\">{\"@context\":\"https:\/\/schema.org\",\"@graph\":[{\"@type\":\"WebPage\",\"@id\":\"https:\/\/www.carlton-international.com\/es\/annonce\/vista-panoramica-del-mar-y-del-cap-dantibes\/\",\"url\":\"https:\/\/www.carlton-international.com\/es\/annonce\/vista-panoramica-del-mar-y-del-cap-dantibes\/\",\"name\":\"Vista panor\u00e1mica del mar y del Cap d'Antibes - Carlton International\",\"isPartOf\":{\"@id\":\"https:\/\/www.carlton-international.com\/es\/#website\"},\"datePublished\":\"2025-03-25T16:02:09+00:00\",\"dateModified\":\"2026-04-16T22:11:39+00:00\",\"breadcrumb\":{\"@id\":\"https:\/\/www.carlton-international.com\/es\/annonce\/vista-panoramica-del-mar-y-del-cap-dantibes\/#breadcrumb\"},\"inLanguage\":\"es\",\"potentialAction\":[{\"@type\":\"ReadAction\",\"target\":[\"https:\/\/www.carlton-international.com\/es\/annonce\/vista-panoramica-del-mar-y-del-cap-dantibes\/\"]}]},{\"@type\":\"BreadcrumbList\",\"@id\":\"https:\/\/www.carlton-international.com\/es\/annonce\/vista-panoramica-del-mar-y-del-cap-dantibes\/#breadcrumb\",\"itemListElement\":[{\"@type\":\"ListItem\",\"position\":1,\"name\":\"Accueil\",\"item\":\"https:\/\/www.carlton-international.com\/es\/\"},{\"@type\":\"ListItem\",\"position\":2,\"name\":\"Vista panor\u00e1mica del mar y del Cap d&rsquo;Antibes\"}]},{\"@type\":\"WebSite\",\"@id\":\"https:\/\/www.carlton-international.com\/es\/#website\",\"url\":\"https:\/\/www.carlton-international.com\/es\/\",\"name\":\"Carlton International\",\"description\":\"Luxury Real Estate in France and Internationally\",\"publisher\":{\"@id\":\"https:\/\/www.carlton-international.com\/es\/#organization\"},\"alternateName\":\"Carlton\",\"potentialAction\":[{\"@type\":\"SearchAction\",\"target\":{\"@type\":\"EntryPoint\",\"urlTemplate\":\"https:\/\/www.carlton-international.com\/es\/?s={search_term_string}\"},\"query-input\":{\"@type\":\"PropertyValueSpecification\",\"valueRequired\":true,\"valueName\":\"search_term_string\"}}],\"inLanguage\":\"es\"},{\"@type\":\"Organization\",\"@id\":\"https:\/\/www.carlton-international.com\/es\/#organization\",\"name\":\"Carlton International\",\"alternateName\":\"Carlton\",\"url\":\"https:\/\/www.carlton-international.com\/es\/\",\"logo\":{\"@type\":\"ImageObject\",\"inLanguage\":\"es\",\"@id\":\"https:\/\/www.carlton-international.com\/es\/#\/schema\/logo\/image\/\",\"url\":\"https:\/\/www.carlton-international.com\/wp-content\/uploads\/2024\/10\/logo-square-1.jpg\",\"contentUrl\":\"https:\/\/www.carlton-international.com\/wp-content\/uploads\/2024\/10\/logo-square-1.jpg\",\"width\":240,\"height\":240,\"caption\":\"Carlton International\"},\"image\":{\"@id\":\"https:\/\/www.carlton-international.com\/es\/#\/schema\/logo\/image\/\"},\"sameAs\":[\"https:\/\/www.facebook.com\/CarltonInternationalRealEstate\/\",\"https:\/\/x.com\/CarltonInter\",\"https:\/\/www.instagram.com\/carlton.international\/\",\"https:\/\/www.linkedin.com\/company\/carlton-international\/mycompany\/\",\"https:\/\/www.youtube.com\/channel\/UC45DFaSawRRikZFLqr2C_XQ\"]}]}<\/script>\n<!-- \/ Yoast SEO Premium plugin. -->","yoast_head_json":{"title":"Vista panor\u00e1mica del mar y del Cap d'Antibes - Carlton International","robots":{"index":"index","follow":"follow","max-snippet":"max-snippet:-1","max-image-preview":"max-image-preview:large","max-video-preview":"max-video-preview:-1"},"canonical":"https:\/\/www.carlton-international.com\/es\/annonce\/vista-panoramica-del-mar-y-del-cap-dantibes\/","og_locale":"es_ES","og_type":"article","og_title":"Vista panor\u00e1mica del mar y del Cap d'Antibes","og_url":"https:\/\/www.carlton-international.com\/es\/annonce\/vista-panoramica-del-mar-y-del-cap-dantibes\/","og_site_name":"Carlton International","article_publisher":"https:\/\/www.facebook.com\/CarltonInternationalRealEstate\/","article_modified_time":"2026-04-16T22:11:39+00:00","twitter_card":"summary_large_image","twitter_site":"@CarltonInter","twitter_misc":{"Tiempo de lectura":"2 minutos"},"schema":{"@context":"https:\/\/schema.org","@graph":[{"@type":"WebPage","@id":"https:\/\/www.carlton-international.com\/es\/annonce\/vista-panoramica-del-mar-y-del-cap-dantibes\/","url":"https:\/\/www.carlton-international.com\/es\/annonce\/vista-panoramica-del-mar-y-del-cap-dantibes\/","name":"Vista panor\u00e1mica del mar y del Cap d'Antibes - Carlton International","isPartOf":{"@id":"https:\/\/www.carlton-international.com\/es\/#website"},"datePublished":"2025-03-25T16:02:09+00:00","dateModified":"2026-04-16T22:11:39+00:00","breadcrumb":{"@id":"https:\/\/www.carlton-international.com\/es\/annonce\/vista-panoramica-del-mar-y-del-cap-dantibes\/#breadcrumb"},"inLanguage":"es","potentialAction":[{"@type":"ReadAction","target":["https:\/\/www.carlton-international.com\/es\/annonce\/vista-panoramica-del-mar-y-del-cap-dantibes\/"]}]},{"@type":"BreadcrumbList","@id":"https:\/\/www.carlton-international.com\/es\/annonce\/vista-panoramica-del-mar-y-del-cap-dantibes\/#breadcrumb","itemListElement":[{"@type":"ListItem","position":1,"name":"Accueil","item":"https:\/\/www.carlton-international.com\/es\/"},{"@type":"ListItem","position":2,"name":"Vista panor\u00e1mica del mar y del Cap d&rsquo;Antibes"}]},{"@type":"WebSite","@id":"https:\/\/www.carlton-international.com\/es\/#website","url":"https:\/\/www.carlton-international.com\/es\/","name":"Carlton International","description":"Luxury Real Estate in France and Internationally","publisher":{"@id":"https:\/\/www.carlton-international.com\/es\/#organization"},"alternateName":"Carlton","potentialAction":[{"@type":"SearchAction","target":{"@type":"EntryPoint","urlTemplate":"https:\/\/www.carlton-international.com\/es\/?s={search_term_string}"},"query-input":{"@type":"PropertyValueSpecification","valueRequired":true,"valueName":"search_term_string"}}],"inLanguage":"es"},{"@type":"Organization","@id":"https:\/\/www.carlton-international.com\/es\/#organization","name":"Carlton International","alternateName":"Carlton","url":"https:\/\/www.carlton-international.com\/es\/","logo":{"@type":"ImageObject","inLanguage":"es","@id":"https:\/\/www.carlton-international.com\/es\/#\/schema\/logo\/image\/","url":"https:\/\/www.carlton-international.com\/wp-content\/uploads\/2024\/10\/logo-square-1.jpg","contentUrl":"https:\/\/www.carlton-international.com\/wp-content\/uploads\/2024\/10\/logo-square-1.jpg","width":240,"height":240,"caption":"Carlton International"},"image":{"@id":"https:\/\/www.carlton-international.com\/es\/#\/schema\/logo\/image\/"},"sameAs":["https:\/\/www.facebook.com\/CarltonInternationalRealEstate\/","https:\/\/x.com\/CarltonInter","https:\/\/www.instagram.com\/carlton.international\/","https:\/\/www.linkedin.com\/company\/carlton-international\/mycompany\/","https:\/\/www.youtube.com\/channel\/UC45DFaSawRRikZFLqr2C_XQ"]}]}},"jetpack_sharing_enabled":true,"_links":{"self":[{"href":"https:\/\/www.carlton-international.com\/es\/wp-json\/wp\/v2\/annonce\/4309350","targetHints":{"allow":["GET"]}}],"collection":[{"href":"https:\/\/www.carlton-international.com\/es\/wp-json\/wp\/v2\/annonce"}],"about":[{"href":"https:\/\/www.carlton-international.com\/es\/wp-json\/wp\/v2\/types\/annonce"}],"wp:attachment":[{"href":"https:\/\/www.carlton-international.com\/es\/wp-json\/wp\/v2\/media?parent=4309350"}],"wp:term":[{"taxonomy":"secteurs","embeddable":true,"href":"https:\/\/www.carlton-international.com\/es\/wp-json\/wp\/v2\/secteurs?post=4309350"},{"taxonomy":"service","embeddable":true,"href":"https:\/\/www.carlton-international.com\/es\/wp-json\/wp\/v2\/service?post=4309350"},{"taxonomy":"tags","embeddable":true,"href":"https:\/\/www.carlton-international.com\/es\/wp-json\/wp\/v2\/tags?post=4309350"},{"taxonomy":"type_de_bien","embeddable":true,"href":"https:\/\/www.carlton-international.com\/es\/wp-json\/wp\/v2\/type_de_bien?post=4309350"},{"taxonomy":"type_annonce","embeddable":true,"href":"https:\/\/www.carlton-international.com\/es\/wp-json\/wp\/v2\/type_annonce?post=4309350"}],"curies":[{"name":"wp","href":"https:\/\/api.w.org\/{rel}","templated":true}]}}

Vista panorámica del mar y del Cap d&#8217;Antibes

<p>Situada cerca del encantador pueblo de Tourrettes-sur-Loup, esta suntuosa villa de nueva construcción combina la elegancia contemporánea con materiales de alta calidad. Situada en un terreno ajardinado, ofrece el espacio de vida ideal para una familia numerosa, con 334 m2 de superficie habitable y seis dormitorios, incluido un apartamento de invitados independiente de 2 dormitorios. Posibilidad de parcela adicional de aprox. 3.300 m2 Ref. 00688</p>
<p>&#8212;</p>
<p>Al entrar, un amplio vestíbulo conduce a una moderna cocina totalmente equipada con isla central. Ésta se abre a una magnífica terraza con jacuzzi y excepcionales vistas panorámicas. El amplio y luminoso salón y el espacioso comedor son una extensión de la cocina y también se benefician de un acceso directo a la terraza y a estas impresionantes vistas.</p>
<p>En la planta inferior, la zona de noche consta de tres elegantes suites, incluida una suntuosa suite principal con un gran vestidor y baño completo. Los otros dos dormitorios disponen cada uno de un cuarto de baño y un aseo. Un cuarto dormitorio, con cuarto de ducha independiente y aseo de invitados, completa esta planta. Todas estas habitaciones se abren a una amplia terraza que conduce a la piscina y ofrece unas vistas impresionantes.</p>
<p>El piso independiente, perfecto para invitados, consta de dos dormitorios, un salón, un comedor, una cocina totalmente equipada y un cuarto de ducha con aseo. Tiene acceso directo a una terraza privada y a la piscina. Ref. 00688</p>
<p>La propiedad también ofrece la posibilidad de crear una zona de gimnasio o cine en casa. Un gran lavadero, mucho espacio de almacenamiento y armarios empotrados completan esta propiedad.</p>
<p>Debajo de la zona de la piscina, un jardín llano, cerrado y seguro, plantado con olivos y especies mediterráneas, añade un toque de encanto a la propiedad. Por último, un garaje doble, varias plazas de aparcamiento y zonas de almacenamiento adicionales completan esta villa excepcional. Ref. 00688</p>

<!-- This site is optimized with the Yoast SEO Premium plugin v20.11 (Yoast SEO v26.5) - https://yoast.com/wordpress/plugins/seo/ -->
<title>Vista panorámica del mar y del Cap d&#039;Antibes - Carlton International</title>
<meta name="robots" content="index, follow, max-snippet:-1, max-image-preview:large, max-video-preview:-1" />
<link rel="canonical" href="https://www.carlton-international.com/es/annonce/vista-panoramica-del-mar-y-del-cap-dantibes/" />
<meta property="og:locale" content="es_ES" />
<meta property="og:type" content="article" />
<meta property="og:title" content="Vista panorámica del mar y del Cap d&#039;Antibes" />
<meta property="og:url" content="https://www.carlton-international.com/es/annonce/vista-panoramica-del-mar-y-del-cap-dantibes/" />
<meta property="og:site_name" content="Carlton International" />
<meta property="article:publisher" content="https://www.facebook.com/CarltonInternationalRealEstate/" />
<meta property="article:modified_time" content="2026-04-16T22:11:39+00:00" />
<meta name="twitter:card" content="summary_large_image" />
<meta name="twitter:site" content="@CarltonInter" />
<meta name="twitter:label1" content="Tiempo de lectura" />
	<meta name="twitter:data1" content="2 minutos" />
<script type="application/ld+json" class="yoast-schema-graph">{"@context":"https://schema.org","@graph":[{"@type":"WebPage","@id":"https://www.carlton-international.com/es/annonce/vista-panoramica-del-mar-y-del-cap-dantibes/","url":"https://www.carlton-international.com/es/annonce/vista-panoramica-del-mar-y-del-cap-dantibes/","name":"Vista panorámica del mar y del Cap d'Antibes - Carlton International","isPartOf":{"@id":"https://www.carlton-international.com/es/#website"},"datePublished":"2025-03-25T16:02:09+00:00","dateModified":"2026-04-16T22:11:39+00:00","breadcrumb":{"@id":"https://www.carlton-international.com/es/annonce/vista-panoramica-del-mar-y-del-cap-dantibes/#breadcrumb"},"inLanguage":"es","potentialAction":[{"@type":"ReadAction","target":["https://www.carlton-international.com/es/annonce/vista-panoramica-del-mar-y-del-cap-dantibes/"]}]},{"@type":"BreadcrumbList","@id":"https://www.carlton-international.com/es/annonce/vista-panoramica-del-mar-y-del-cap-dantibes/#breadcrumb","itemListElement":[{"@type":"ListItem","position":1,"name":"Accueil","item":"https://www.carlton-international.com/es/"},{"@type":"ListItem","position":2,"name":"Vista panorámica del mar y del Cap d&rsquo;Antibes"}]},{"@type":"WebSite","@id":"https://www.carlton-international.com/es/#website","url":"https://www.carlton-international.com/es/","name":"Carlton International","description":"Luxury Real Estate in France and Internationally","publisher":{"@id":"https://www.carlton-international.com/es/#organization"},"alternateName":"Carlton","potentialAction":[{"@type":"SearchAction","target":{"@type":"EntryPoint","urlTemplate":"https://www.carlton-international.com/es/?s={search_term_string}"},"query-input":{"@type":"PropertyValueSpecification","valueRequired":true,"valueName":"search_term_string"}}],"inLanguage":"es"},{"@type":"Organization","@id":"https://www.carlton-international.com/es/#organization","name":"Carlton International","alternateName":"Carlton","url":"https://www.carlton-international.com/es/","logo":{"@type":"ImageObject","inLanguage":"es","@id":"https://www.carlton-international.com/es/#/schema/logo/image/","url":"https://www.carlton-international.com/wp-content/uploads/2024/10/logo-square-1.jpg","contentUrl":"https://www.carlton-international.com/wp-content/uploads/2024/10/logo-square-1.jpg","width":240,"height":240,"caption":"Carlton International"},"image":{"@id":"https://www.carlton-international.com/es/#/schema/logo/image/"},"sameAs":["https://www.facebook.com/CarltonInternationalRealEstate/","https://x.com/CarltonInter","https://www.instagram.com/carlton.international/","https://www.linkedin.com/company/carlton-international/mycompany/","https://www.youtube.com/channel/UC45DFaSawRRikZFLqr2C_XQ"]}]}</script>
<!-- / Yoast SEO Premium plugin. -->

Vista panorámica del mar y del Cap d'Antibes - Carlton International

Vista panorámica del mar y del Cap d'Antibes

Vista panorámica del mar y del Cap d&rsquo;Antibes
