{"id":3903315,"date":"2024-04-12T18:14:34","date_gmt":"2024-04-12T16:14:34","guid":{"rendered":"https:\/\/www.carlton-international.com\/annonce\/saint-jean-cap-ferrat\/"},"modified":"2026-03-20T12:31:46","modified_gmt":"2026-03-20T11:31:46","slug":"saint-jean-cap-ferrat","status":"publish","type":"annonce","link":"https:\/\/www.carlton-international.com\/es\/annonce\/saint-jean-cap-ferrat\/","title":{"rendered":"SAINT JEAN CAP FERRAT"},"content":{"rendered":"<p>Una propiedad excepcional con magn\u00edficas vistas al mar desde la costa de Eze en M\u00f3naco hasta Italia, situada a s\u00f3lo 5 minutos a pie del pueblo y el puerto de Saint Jean Cap Ferrat y a s\u00f3lo 15 minutos en coche de Niza y M\u00f3naco, y a 30 minutos del aeropuerto internacional de Niza. Con 8 habitaciones dobles con ba\u00f1o, esta prestigiosa residencia de unos 1.200 m\u00b2 en 3 plantas comunicadas por ascensor puede alojar hasta 16 personas. Esta propiedad \u00fanica cuenta con tecnolog\u00eda de vanguardia y una serie de caracter\u00edsticas de lujo, incluyendo una sala de cine, piscinas cubiertas y al aire libre, hammam, sauna y ascensor. Las amplias salas de recepci\u00f3n se abren a una gran terraza con vistas panor\u00e1micas excepcionales y conducen a un hermoso jard\u00edn. Totalmente climatizado, la villa ha sido decorada en un estilo contempor\u00e1neo refinado.REF 428<br \/>\n&#8212;<\/p>\n<p>Planta baja:<br \/>\n&#8211; Amplio y luminoso sal\u00f3n doble con una vista \u00fanica del puerto de Saint Jean Cap Ferrat y apertura a una gran terraza con vistas panor\u00e1micas al mar.<br \/>\n&#8211; Comedor abierto a una gran terraza con vistas panor\u00e1micas al mar.<br \/>\n&#8211; Cocina profesional totalmente equipada con bodega.<br \/>\n&#8211; Aseo de invitados<br \/>\n&#8211; Dormitorio principal con dos ba\u00f1os en suite y zona de sal\u00f3n\/TV. Esta habitaci\u00f3n tambi\u00e9n se beneficia de una impresionante vista del puerto de Cap Ferrat.<\/p>\n<p>Primera planta:<br \/>\n&#8211; La entrada principal se encuentra en este nivel &#8211; Gran hall de entrada<br \/>\n&#8211; Segundo dormitorio principal con terraza privada y vistas panor\u00e1micas al mar, con dos vestidores y dos cuartos de ba\u00f1o (ba\u00f1era de hidromasaje y ducha). Zona de estar.<br \/>\n&#8211; Dormitorio doble con ba\u00f1o en suite y vestidor.<\/p>\n<p>Planta jard\u00edn:<br \/>\n&#8211; 3 habitaciones dobles con ba\u00f1o y vestidor.<br \/>\n&#8211; Suite de invitados compuesta por un dormitorio doble y un dormitorio infantil doble con 2 camas individuales, cuarto de ba\u00f1o y aseo con ducha.<br \/>\n&#8211; Todas las habitaciones dan a una terraza de teca con sal\u00f3n de verano y vistas panor\u00e1micas al mar.<br \/>\n&#8211; Sala de cine con bar y proyector.<br \/>\n&#8211; Piscina cubierta con chorros de masaje y acceso al spa con sauna, hammam y ducha.<br \/>\n&#8211; Lavander\u00eda profesional con dos lavadoras y secadora.<br \/>\n&#8211; Cocina profesional con escalera de servicio que conduce al comedor.<\/p>\n<p>Piscina exterior con vistas panor\u00e1micas al mar.<br \/>\nAgradable jard\u00edn con terrazas<\/p>\n<p>Servicios adicionales: Ascensor a todas las plantas, acceso a Internet WIFI, impresora, aire acondicionado, alarma con videovigilancia, garaje cubierto para 3 coches, 3 aparcamientos, port\u00f3n autom\u00e1tico.<br \/>\nTodas las habitaciones disponen de TV de pantalla plana, reproductor de DVD, TV v\u00eda sat\u00e9lite, caja fuerte y tel\u00e9fono.<\/p>\n","protected":false},"featured_media":0,"menu_order":0,"template":"","secteurs":[5867,5867,5866,5991],"service":[146,90,92,96,102,1375,147,359,72,73,160,104,2012,1987,71,93,83,95,358,1380,94,88,101],"tags":[],"type_de_bien":[5860,5860],"type_annonce":[5878,5878],"class_list":{"0":"post-3903315","1":"annonce","2":"type-annonce","3":"status-publish","4":"hentry","5":"secteurs-alpes-maritimes-es","7":"secteurs-france-es","8":"secteurs-saint-jean-cap-ferrat-es","9":"service-abri-de-voiture","10":"service-air-conditionne","11":"service-alarme","12":"service-arrosage","13":"service-ascenseur","14":"service-baignoire-balneo","15":"service-barbecue","16":"service-coffre-fort","17":"service-double-vitrage","18":"service-fenetres-coulissantes","19":"service-internet","20":"service-interphone","21":"service-lecteur-cd","22":"service-lecteur-dvd","23":"service-piscine","24":"service-portail-electrique","25":"service-sauna","26":"service-stores-electriques","27":"service-teledistribution","28":"service-television","29":"service-video-surveillance","30":"service-videophone","31":"service-volets-roulants-electriques","32":"type_de_bien-hogar","34":"type_annonce-alquiler-por-temporada"},"acf":[],"yoast_head":"<!-- This site is optimized with the Yoast SEO Premium plugin v20.11 (Yoast SEO v26.5) - https:\/\/yoast.com\/wordpress\/plugins\/seo\/ -->\n<title>SAINT JEAN CAP FERRAT - Carlton International<\/title>\n<meta name=\"robots\" content=\"index, follow, max-snippet:-1, max-image-preview:large, max-video-preview:-1\" \/>\n<link rel=\"canonical\" href=\"https:\/\/www.carlton-international.com\/es\/annonce\/saint-jean-cap-ferrat\/\" \/>\n<meta property=\"og:locale\" content=\"es_ES\" \/>\n<meta property=\"og:type\" content=\"article\" \/>\n<meta property=\"og:title\" content=\"SAINT JEAN CAP FERRAT\" \/>\n<meta property=\"og:url\" content=\"https:\/\/www.carlton-international.com\/es\/annonce\/saint-jean-cap-ferrat\/\" \/>\n<meta property=\"og:site_name\" content=\"Carlton International\" \/>\n<meta property=\"article:publisher\" content=\"https:\/\/www.facebook.com\/CarltonInternationalRealEstate\/\" \/>\n<meta property=\"article:modified_time\" content=\"2026-03-20T11:31:46+00:00\" \/>\n<meta name=\"twitter:card\" content=\"summary_large_image\" \/>\n<meta name=\"twitter:site\" content=\"@CarltonInter\" \/>\n<meta name=\"twitter:label1\" content=\"Tiempo de lectura\" \/>\n\t<meta name=\"twitter:data1\" content=\"2 minutos\" \/>\n<script type=\"application\/ld+json\" class=\"yoast-schema-graph\">{\"@context\":\"https:\/\/schema.org\",\"@graph\":[{\"@type\":\"WebPage\",\"@id\":\"https:\/\/www.carlton-international.com\/es\/annonce\/saint-jean-cap-ferrat\/\",\"url\":\"https:\/\/www.carlton-international.com\/es\/annonce\/saint-jean-cap-ferrat\/\",\"name\":\"SAINT JEAN CAP FERRAT - Carlton International\",\"isPartOf\":{\"@id\":\"https:\/\/www.carlton-international.com\/es\/#website\"},\"datePublished\":\"2024-04-12T16:14:34+00:00\",\"dateModified\":\"2026-03-20T11:31:46+00:00\",\"breadcrumb\":{\"@id\":\"https:\/\/www.carlton-international.com\/es\/annonce\/saint-jean-cap-ferrat\/#breadcrumb\"},\"inLanguage\":\"es\",\"potentialAction\":[{\"@type\":\"ReadAction\",\"target\":[\"https:\/\/www.carlton-international.com\/es\/annonce\/saint-jean-cap-ferrat\/\"]}]},{\"@type\":\"BreadcrumbList\",\"@id\":\"https:\/\/www.carlton-international.com\/es\/annonce\/saint-jean-cap-ferrat\/#breadcrumb\",\"itemListElement\":[{\"@type\":\"ListItem\",\"position\":1,\"name\":\"Accueil\",\"item\":\"https:\/\/www.carlton-international.com\/es\/\"},{\"@type\":\"ListItem\",\"position\":2,\"name\":\"SAINT JEAN CAP FERRAT\"}]},{\"@type\":\"WebSite\",\"@id\":\"https:\/\/www.carlton-international.com\/es\/#website\",\"url\":\"https:\/\/www.carlton-international.com\/es\/\",\"name\":\"Carlton International\",\"description\":\"Luxury Real Estate in France and Internationally\",\"publisher\":{\"@id\":\"https:\/\/www.carlton-international.com\/es\/#organization\"},\"alternateName\":\"Carlton\",\"potentialAction\":[{\"@type\":\"SearchAction\",\"target\":{\"@type\":\"EntryPoint\",\"urlTemplate\":\"https:\/\/www.carlton-international.com\/es\/?s={search_term_string}\"},\"query-input\":{\"@type\":\"PropertyValueSpecification\",\"valueRequired\":true,\"valueName\":\"search_term_string\"}}],\"inLanguage\":\"es\"},{\"@type\":\"Organization\",\"@id\":\"https:\/\/www.carlton-international.com\/es\/#organization\",\"name\":\"Carlton International\",\"alternateName\":\"Carlton\",\"url\":\"https:\/\/www.carlton-international.com\/es\/\",\"logo\":{\"@type\":\"ImageObject\",\"inLanguage\":\"es\",\"@id\":\"https:\/\/www.carlton-international.com\/es\/#\/schema\/logo\/image\/\",\"url\":\"https:\/\/www.carlton-international.com\/wp-content\/uploads\/2024\/10\/logo-square-1.jpg\",\"contentUrl\":\"https:\/\/www.carlton-international.com\/wp-content\/uploads\/2024\/10\/logo-square-1.jpg\",\"width\":240,\"height\":240,\"caption\":\"Carlton International\"},\"image\":{\"@id\":\"https:\/\/www.carlton-international.com\/es\/#\/schema\/logo\/image\/\"},\"sameAs\":[\"https:\/\/www.facebook.com\/CarltonInternationalRealEstate\/\",\"https:\/\/x.com\/CarltonInter\",\"https:\/\/www.instagram.com\/carlton.international\/\",\"https:\/\/www.linkedin.com\/company\/carlton-international\/mycompany\/\",\"https:\/\/www.youtube.com\/channel\/UC45DFaSawRRikZFLqr2C_XQ\"]}]}<\/script>\n<!-- \/ Yoast SEO Premium plugin. -->","yoast_head_json":{"title":"SAINT JEAN CAP FERRAT - Carlton International","robots":{"index":"index","follow":"follow","max-snippet":"max-snippet:-1","max-image-preview":"max-image-preview:large","max-video-preview":"max-video-preview:-1"},"canonical":"https:\/\/www.carlton-international.com\/es\/annonce\/saint-jean-cap-ferrat\/","og_locale":"es_ES","og_type":"article","og_title":"SAINT JEAN CAP FERRAT","og_url":"https:\/\/www.carlton-international.com\/es\/annonce\/saint-jean-cap-ferrat\/","og_site_name":"Carlton International","article_publisher":"https:\/\/www.facebook.com\/CarltonInternationalRealEstate\/","article_modified_time":"2026-03-20T11:31:46+00:00","twitter_card":"summary_large_image","twitter_site":"@CarltonInter","twitter_misc":{"Tiempo de lectura":"2 minutos"},"schema":{"@context":"https:\/\/schema.org","@graph":[{"@type":"WebPage","@id":"https:\/\/www.carlton-international.com\/es\/annonce\/saint-jean-cap-ferrat\/","url":"https:\/\/www.carlton-international.com\/es\/annonce\/saint-jean-cap-ferrat\/","name":"SAINT JEAN CAP FERRAT - Carlton International","isPartOf":{"@id":"https:\/\/www.carlton-international.com\/es\/#website"},"datePublished":"2024-04-12T16:14:34+00:00","dateModified":"2026-03-20T11:31:46+00:00","breadcrumb":{"@id":"https:\/\/www.carlton-international.com\/es\/annonce\/saint-jean-cap-ferrat\/#breadcrumb"},"inLanguage":"es","potentialAction":[{"@type":"ReadAction","target":["https:\/\/www.carlton-international.com\/es\/annonce\/saint-jean-cap-ferrat\/"]}]},{"@type":"BreadcrumbList","@id":"https:\/\/www.carlton-international.com\/es\/annonce\/saint-jean-cap-ferrat\/#breadcrumb","itemListElement":[{"@type":"ListItem","position":1,"name":"Accueil","item":"https:\/\/www.carlton-international.com\/es\/"},{"@type":"ListItem","position":2,"name":"SAINT JEAN CAP FERRAT"}]},{"@type":"WebSite","@id":"https:\/\/www.carlton-international.com\/es\/#website","url":"https:\/\/www.carlton-international.com\/es\/","name":"Carlton International","description":"Luxury Real Estate in France and Internationally","publisher":{"@id":"https:\/\/www.carlton-international.com\/es\/#organization"},"alternateName":"Carlton","potentialAction":[{"@type":"SearchAction","target":{"@type":"EntryPoint","urlTemplate":"https:\/\/www.carlton-international.com\/es\/?s={search_term_string}"},"query-input":{"@type":"PropertyValueSpecification","valueRequired":true,"valueName":"search_term_string"}}],"inLanguage":"es"},{"@type":"Organization","@id":"https:\/\/www.carlton-international.com\/es\/#organization","name":"Carlton International","alternateName":"Carlton","url":"https:\/\/www.carlton-international.com\/es\/","logo":{"@type":"ImageObject","inLanguage":"es","@id":"https:\/\/www.carlton-international.com\/es\/#\/schema\/logo\/image\/","url":"https:\/\/www.carlton-international.com\/wp-content\/uploads\/2024\/10\/logo-square-1.jpg","contentUrl":"https:\/\/www.carlton-international.com\/wp-content\/uploads\/2024\/10\/logo-square-1.jpg","width":240,"height":240,"caption":"Carlton International"},"image":{"@id":"https:\/\/www.carlton-international.com\/es\/#\/schema\/logo\/image\/"},"sameAs":["https:\/\/www.facebook.com\/CarltonInternationalRealEstate\/","https:\/\/x.com\/CarltonInter","https:\/\/www.instagram.com\/carlton.international\/","https:\/\/www.linkedin.com\/company\/carlton-international\/mycompany\/","https:\/\/www.youtube.com\/channel\/UC45DFaSawRRikZFLqr2C_XQ"]}]}},"jetpack_sharing_enabled":true,"_links":{"self":[{"href":"https:\/\/www.carlton-international.com\/es\/wp-json\/wp\/v2\/annonce\/3903315","targetHints":{"allow":["GET"]}}],"collection":[{"href":"https:\/\/www.carlton-international.com\/es\/wp-json\/wp\/v2\/annonce"}],"about":[{"href":"https:\/\/www.carlton-international.com\/es\/wp-json\/wp\/v2\/types\/annonce"}],"wp:attachment":[{"href":"https:\/\/www.carlton-international.com\/es\/wp-json\/wp\/v2\/media?parent=3903315"}],"wp:term":[{"taxonomy":"secteurs","embeddable":true,"href":"https:\/\/www.carlton-international.com\/es\/wp-json\/wp\/v2\/secteurs?post=3903315"},{"taxonomy":"service","embeddable":true,"href":"https:\/\/www.carlton-international.com\/es\/wp-json\/wp\/v2\/service?post=3903315"},{"taxonomy":"tags","embeddable":true,"href":"https:\/\/www.carlton-international.com\/es\/wp-json\/wp\/v2\/tags?post=3903315"},{"taxonomy":"type_de_bien","embeddable":true,"href":"https:\/\/www.carlton-international.com\/es\/wp-json\/wp\/v2\/type_de_bien?post=3903315"},{"taxonomy":"type_annonce","embeddable":true,"href":"https:\/\/www.carlton-international.com\/es\/wp-json\/wp\/v2\/type_annonce?post=3903315"}],"curies":[{"name":"wp","href":"https:\/\/api.w.org\/{rel}","templated":true}]}}

<p>Una propiedad excepcional con magníficas vistas al mar desde la costa de Eze en Mónaco hasta Italia, situada a sólo 5 minutos a pie del pueblo y el puerto de Saint Jean Cap Ferrat y a sólo 15 minutos en coche de Niza y Mónaco, y a 30 minutos del aeropuerto internacional de Niza. Con 8 habitaciones dobles con baño, esta prestigiosa residencia de unos 1.200 m² en 3 plantas comunicadas por ascensor puede alojar hasta 16 personas. Esta propiedad única cuenta con tecnología de vanguardia y una serie de características de lujo, incluyendo una sala de cine, piscinas cubiertas y al aire libre, hammam, sauna y ascensor. Las amplias salas de recepción se abren a una gran terraza con vistas panorámicas excepcionales y conducen a un hermoso jardín. Totalmente climatizado, la villa ha sido decorada en un estilo contemporáneo refinado.REF 428<br />
&#8212;</p>
<p>Planta baja:<br />
&#8211; Amplio y luminoso salón doble con una vista única del puerto de Saint Jean Cap Ferrat y apertura a una gran terraza con vistas panorámicas al mar.<br />
&#8211; Comedor abierto a una gran terraza con vistas panorámicas al mar.<br />
&#8211; Cocina profesional totalmente equipada con bodega.<br />
&#8211; Aseo de invitados<br />
&#8211; Dormitorio principal con dos baños en suite y zona de salón/TV. Esta habitación también se beneficia de una impresionante vista del puerto de Cap Ferrat.</p>
<p>Primera planta:<br />
&#8211; La entrada principal se encuentra en este nivel &#8211; Gran hall de entrada<br />
&#8211; Segundo dormitorio principal con terraza privada y vistas panorámicas al mar, con dos vestidores y dos cuartos de baño (bañera de hidromasaje y ducha). Zona de estar.<br />
&#8211; Dormitorio doble con baño en suite y vestidor.</p>
<p>Planta jardín:<br />
&#8211; 3 habitaciones dobles con baño y vestidor.<br />
&#8211; Suite de invitados compuesta por un dormitorio doble y un dormitorio infantil doble con 2 camas individuales, cuarto de baño y aseo con ducha.<br />
&#8211; Todas las habitaciones dan a una terraza de teca con salón de verano y vistas panorámicas al mar.<br />
&#8211; Sala de cine con bar y proyector.<br />
&#8211; Piscina cubierta con chorros de masaje y acceso al spa con sauna, hammam y ducha.<br />
&#8211; Lavandería profesional con dos lavadoras y secadora.<br />
&#8211; Cocina profesional con escalera de servicio que conduce al comedor.</p>
<p>Piscina exterior con vistas panorámicas al mar.<br />
Agradable jardín con terrazas</p>
<p>Servicios adicionales: Ascensor a todas las plantas, acceso a Internet WIFI, impresora, aire acondicionado, alarma con videovigilancia, garaje cubierto para 3 coches, 3 aparcamientos, portón automático.<br />
Todas las habitaciones disponen de TV de pantalla plana, reproductor de DVD, TV vía satélite, caja fuerte y teléfono.</p>
